{"id":1942,"date":"2023-10-17T10:41:32","date_gmt":"2023-10-17T10:41:32","guid":{"rendered":"https:\/\/berria.alberdania.net\/autores\/daniel-gomez\/"},"modified":"2026-04-21T00:30:55","modified_gmt":"2026-04-20T22:30:55","slug":"daniel-gomez","status":"publish","type":"autores","link":"https:\/\/www.alberdania.net\/eu\/autores\/daniel-gomez\/","title":{"rendered":"Daniel Gomez"},"content":{"rendered":"<p>DANIEL G\u00d3MEZ AMAT (Barcelona, 1971). Periodista y corresponsal de Catalunya R\u00e0dio en Euskadi desde el a\u00f1o 2000. Colabora en diversos medios de comunicaci\u00f3n de Euskal Herria y es autor de varios libros sobre pol\u00edtica vasca y catalana: ETA i Catalunya (2004), Insults i disbarats contra l\u0092Estatut (2006) y ha participado tambi\u00e9n en el libro colectivo Proceso de paz en Euskadi. 20 voces por la normalizaci\u00f3n (2006).<\/p>\n","protected":false},"featured_media":0,"template":"","Tipo":[94],"class_list":["post-1942","autores","type-autores","status-publish","hentry","Tipo-autor"],"acf":{"bio_eus":"<p>DANIEL G\u00d3MEZ AMAT (Barcelona, 1971). Periodista y corresponsal de Catalunya R\u00e0dio en Euskadi desde el a\u00f1o 2000. Colabora en diversos medios de comunicaci\u00f3n de Euskal Herria y es autor de varios libros sobre pol\u00edtica vasca y catalana: ETA i Catalunya (2004), Insults i disbarats contra l\u0092Estatut (2006) y ha participado tambi\u00e9n en el libro colectivo Proceso de paz en Euskadi. 20 voces por la normalizaci\u00f3n (2006).<\/p>","id_gesedi":27},"_links":{"self":[{"href":"https:\/\/www.alberdania.net\/eu\/wp-json\/wp\/v2\/autores\/1942","targetHints":{"allow":["GET"]}}],"collection":[{"href":"https:\/\/www.alberdania.net\/eu\/wp-json\/wp\/v2\/autores"}],"about":[{"href":"https:\/\/www.alberdania.net\/eu\/wp-json\/wp\/v2\/types\/autores"}],"wp:attachment":[{"href":"https:\/\/www.alberdania.net\/eu\/wp-json\/wp\/v2\/media?parent=1942"}],"wp:term":[{"taxonomy":"Tipo","embeddable":true,"href":"https:\/\/www.alberdania.net\/eu\/wp-json\/wp\/v2\/Tipo?post=1942"}],"curies":[{"name":"wp","href":"https:\/\/api.w.org\/{rel}","templated":true}]}}

<p>DANIEL GÓMEZ AMAT (Barcelona, 1971). Periodista y corresponsal de Catalunya Ràdio en Euskadi desde el año 2000. Colabora en diversos medios de comunicación de Euskal Herria y es autor de varios libros sobre política vasca y catalana: ETA i Catalunya (2004), Insults i disbarats contra lEstatut (2006) y ha participado también en el libro colectivo Proceso de paz en Euskadi. 20 voces por la normalización (2006).</p>
