{"id":1957,"date":"2023-10-17T10:42:00","date_gmt":"2023-10-17T10:42:00","guid":{"rendered":"https:\/\/berria.alberdania.net\/autores\/mikel-berraondo\/"},"modified":"2026-04-21T00:31:18","modified_gmt":"2026-04-20T22:31:18","slug":"mikel-berraondo","status":"publish","type":"autores","link":"https:\/\/www.alberdania.net\/eu\/autores\/mikel-berraondo\/","title":{"rendered":"Mikel Berraondo"},"content":{"rendered":"<p>Es investigador del Instituto de Derechos Humanos de la Universidad de Deusto, en Bilbao y miembro del Aula de Derechos Humanos del Instituto de Promoci\u00f3n de Estudios Sociales (IPES) de Pamplona. Profesor invitado de diversas universidades latinoamericanas y consultor europeo en materia de derechos humanos. Entre sus publicaciones recientes destacan Los derechos medioambientales de los pueblos ind\u00edgenas: La situaci\u00f3n en la regi\u00f3n amaz\u00f3nica, ed. Abya Yala, Quito, 2000; \u0093El Caso Awas Tingni: La esperanza ambiental ind\u00edgena\u0094 en El caso Awas Tingni contra Nicaragua. Nuevos horizontes para los derechos humanos de los pueblos ind\u00edgenas, G\u00f3mez F., Universidad de Deusto, Bilbao, 2003; y \u0093Nuevos retos para los pueblos ind\u00edgenas. Propiedad intelectual y corporaciones trasnacionales\u0094, en Nuevos colonialismos del capital. Propiedad intelectual, biodiversidad y derechos de los pueblos, S\u00e1nchez D., Solorzano N., y Lucena I. (Ed.), Icaria, Barcelona, 2004.<\/p>\n","protected":false},"featured_media":0,"template":"","Tipo":[94],"class_list":["post-1957","autores","type-autores","status-publish","hentry","Tipo-autor"],"acf":{"bio_eus":"<p>Es investigador del Instituto de Derechos Humanos de la Universidad de Deusto, en Bilbao y miembro del Aula de Derechos Humanos del Instituto de Promoci\u00f3n de Estudios Sociales (IPES) de Pamplona. Profesor invitado de diversas universidades latinoamericanas y consultor europeo en materia de derechos humanos. Entre sus publicaciones recientes destacan Los derechos medioambientales de los pueblos ind\u00edgenas: La situaci\u00f3n en la regi\u00f3n amaz\u00f3nica, ed. Abya Yala, Quito, 2000; \u0093El Caso Awas Tingni: La esperanza ambiental ind\u00edgena\u0094 en El caso Awas Tingni contra Nicaragua. Nuevos horizontes para los derechos humanos de los pueblos ind\u00edgenas, G\u00f3mez F., Universidad de Deusto, Bilbao, 2003; y \u0093Nuevos retos para los pueblos ind\u00edgenas. Propiedad intelectual y corporaciones trasnacionales\u0094, en Nuevos colonialismos del capital. Propiedad intelectual, biodiversidad y derechos de los pueblos, S\u00e1nchez D., Solorzano N., y Lucena I. (Ed.), Icaria, Barcelona, 2004.<\/p>","id_gesedi":42},"_links":{"self":[{"href":"https:\/\/www.alberdania.net\/eu\/wp-json\/wp\/v2\/autores\/1957","targetHints":{"allow":["GET"]}}],"collection":[{"href":"https:\/\/www.alberdania.net\/eu\/wp-json\/wp\/v2\/autores"}],"about":[{"href":"https:\/\/www.alberdania.net\/eu\/wp-json\/wp\/v2\/types\/autores"}],"wp:attachment":[{"href":"https:\/\/www.alberdania.net\/eu\/wp-json\/wp\/v2\/media?parent=1957"}],"wp:term":[{"taxonomy":"Tipo","embeddable":true,"href":"https:\/\/www.alberdania.net\/eu\/wp-json\/wp\/v2\/Tipo?post=1957"}],"curies":[{"name":"wp","href":"https:\/\/api.w.org\/{rel}","templated":true}]}}

<p>Es investigador del Instituto de Derechos Humanos de la Universidad de Deusto, en Bilbao y miembro del Aula de Derechos Humanos del Instituto de Promoción de Estudios Sociales (IPES) de Pamplona. Profesor invitado de diversas universidades latinoamericanas y consultor europeo en materia de derechos humanos. Entre sus publicaciones recientes destacan Los derechos medioambientales de los pueblos indígenas: La situación en la región amazónica, ed. Abya Yala, Quito, 2000; El Caso Awas Tingni: La esperanza ambiental indígena en El caso Awas Tingni contra Nicaragua. Nuevos horizontes para los derechos humanos de los pueblos indígenas, Gómez F., Universidad de Deusto, Bilbao, 2003; y Nuevos retos para los pueblos indígenas. Propiedad intelectual y corporaciones trasnacionales, en Nuevos colonialismos del capital. Propiedad intelectual, biodiversidad y derechos de los pueblos, Sánchez D., Solorzano N., y Lucena I. (Ed.), Icaria, Barcelona, 2004.</p>
