{"id":1986,"date":"2023-10-17T10:42:55","date_gmt":"2023-10-17T10:42:55","guid":{"rendered":"https:\/\/berria.alberdania.net\/autores\/ludger-mees\/"},"modified":"2026-04-21T00:31:58","modified_gmt":"2026-04-20T22:31:58","slug":"ludger-mees","status":"publish","type":"autores","link":"https:\/\/www.alberdania.net\/eu\/autores\/ludger-mees\/","title":{"rendered":"Ludger Mees"},"content":{"rendered":"<p>&#8220;Naci\u00f3 en Essen, Alemania, en 1957.  Es licenciado en Ciencias Sociales y Pedagog\u00eda por la Universidad de Bielefeld y doctor en Historia por la misma universidad. En la actualidad es catedr\u00e1tico de Historia Contempor\u00e1nea en la Universidad del Pa\u00eds Vasco \/ Euskal Herriko Unibertsitatea, en la cual desempe\u00f1a, desde 2004, el cargo de vicerrector de Euskera. Sus l\u00edneas de investigaci\u00f3n y publicaci\u00f3n m\u00e1s importantes son: teor\u00eda e historia del nacionalismo; historia de los movimientos sociales; historiograf\u00eda; historia contempo-r\u00e1nea de Alemania; historia agraria de Es-pa\u00f1a.<\/p>\n<p>Entre sus publicaciones, cabe destacar: El P\u00e9ndulo Patri\u00f3tico. Historia del Partido Nacionalista Vasco, I: 1895-1936 y II: 1936-1979 (Cr\u00edtica, 1999, 2001; con S. De Pablo y J.A. Rodr\u00edguez Ranz); Nationalism, Violence, and Democracy. The Basque Clash of Identities (Palgrave-Macmillan, 2003); El P\u00e9ndulo Patri\u00f3tico. Historia del Partido Nacionalista Vasco (1895-2005) (Cr\u00edtica, 2005, con S. De Pablo).<br \/>\n&#8220;<\/p>\n","protected":false},"featured_media":0,"template":"","Tipo":[94],"class_list":["post-1986","autores","type-autores","status-publish","hentry","Tipo-autor"],"acf":{"bio_eus":"<p>\"Naci\u00f3 en Essen, Alemania, en 1957.  Es licenciado en Ciencias Sociales y Pedagog\u00eda por la Universidad de Bielefeld y doctor en Historia por la misma universidad. En la actualidad es catedr\u00e1tico de Historia Contempor\u00e1nea en la Universidad del Pa\u00eds Vasco \/ Euskal Herriko Unibertsitatea, en la cual desempe\u00f1a, desde 2004, el cargo de vicerrector de Euskera. Sus l\u00edneas de investigaci\u00f3n y publicaci\u00f3n m\u00e1s importantes son: teor\u00eda e historia del nacionalismo; historia de los movimientos sociales; historiograf\u00eda; historia contempo-r\u00e1nea de Alemania; historia agraria de Es-pa\u00f1a.<br \/>\r\n<br \/>\r\nEntre sus publicaciones, cabe destacar: El P\u00e9ndulo Patri\u00f3tico. Historia del Partido Nacionalista Vasco, I: 1895-1936 y II: 1936-1979 (Cr\u00edtica, 1999, 2001; con S. De Pablo y J.A. Rodr\u00edguez Ranz); Nationalism, Violence, and Democracy. The Basque Clash of Identities (Palgrave-Macmillan, 2003); El P\u00e9ndulo Patri\u00f3tico. Historia del Partido Nacionalista Vasco (1895-2005) (Cr\u00edtica, 2005, con S. De Pablo).<br \/>\r\n\"<\/p>","id_gesedi":72},"_links":{"self":[{"href":"https:\/\/www.alberdania.net\/eu\/wp-json\/wp\/v2\/autores\/1986","targetHints":{"allow":["GET"]}}],"collection":[{"href":"https:\/\/www.alberdania.net\/eu\/wp-json\/wp\/v2\/autores"}],"about":[{"href":"https:\/\/www.alberdania.net\/eu\/wp-json\/wp\/v2\/types\/autores"}],"wp:attachment":[{"href":"https:\/\/www.alberdania.net\/eu\/wp-json\/wp\/v2\/media?parent=1986"}],"wp:term":[{"taxonomy":"Tipo","embeddable":true,"href":"https:\/\/www.alberdania.net\/eu\/wp-json\/wp\/v2\/Tipo?post=1986"}],"curies":[{"name":"wp","href":"https:\/\/api.w.org\/{rel}","templated":true}]}}

<p>&#8220;Nació en Essen, Alemania, en 1957.  Es licenciado en Ciencias Sociales y Pedagogía por la Universidad de Bielefeld y doctor en Historia por la misma universidad. En la actualidad es catedrático de Historia Contemporánea en la Universidad del País Vasco / Euskal Herriko Unibertsitatea, en la cual desempeña, desde 2004, el cargo de vicerrector de Euskera. Sus líneas de investigación y publicación más importantes son: teoría e historia del nacionalismo; historia de los movimientos sociales; historiografía; historia contempo-ránea de Alemania; historia agraria de Es-paña.</p>
<p>Entre sus publicaciones, cabe destacar: El Péndulo Patriótico. Historia del Partido Nacionalista Vasco, I: 1895-1936 y II: 1936-1979 (Crítica, 1999, 2001; con S. De Pablo y J.A. Rodríguez Ranz); Nationalism, Violence, and Democracy. The Basque Clash of Identities (Palgrave-Macmillan, 2003); El Péndulo Patriótico. Historia del Partido Nacionalista Vasco (1895-2005) (Crítica, 2005, con S. De Pablo).<br />
&#8220;</p>

<p>"Nació en Essen, Alemania, en 1957.  Es licenciado en Ciencias Sociales y Pedagogía por la Universidad de Bielefeld y doctor en Historia por la misma universidad. En la actualidad es catedrático de Historia Contemporánea en la Universidad del País Vasco / Euskal Herriko Unibertsitatea, en la cual desempeña, desde 2004, el cargo de vicerrector de Euskera. Sus líneas de investigación y publicación más importantes son: teoría e historia del nacionalismo; historia de los movimientos sociales; historiografía; historia contempo-ránea de Alemania; historia agraria de Es-paña.<br />
<br />
Entre sus publicaciones, cabe destacar: El Péndulo Patriótico. Historia del Partido Nacionalista Vasco, I: 1895-1936 y II: 1936-1979 (Crítica, 1999, 2001; con S. De Pablo y J.A. Rodríguez Ranz); Nationalism, Violence, and Democracy. The Basque Clash of Identities (Palgrave-Macmillan, 2003); El Péndulo Patriótico. Historia del Partido Nacionalista Vasco (1895-2005) (Crítica, 2005, con S. De Pablo).<br />
"</p>
