{"id":2013,"date":"2023-10-17T10:43:44","date_gmt":"2023-10-17T10:43:44","guid":{"rendered":"https:\/\/berria.alberdania.net\/autores\/ana-erostarbe-madrazo\/"},"modified":"2026-04-21T00:32:42","modified_gmt":"2026-04-20T22:32:42","slug":"ana-erostarbe-madrazo","status":"publish","type":"autores","link":"https:\/\/www.alberdania.net\/eu\/autores\/ana-erostarbe-madrazo\/","title":{"rendered":"Ana Erostarbe Madrazo"},"content":{"rendered":"<p>ANA EROSTARBE MADRAZO es licenciada en Periodismo por la Universidad del Pa\u00eds Vasco y cuenta, entre otros, con un postgrado en Comunicaci\u00f3n Pol\u00edtica e Historia (Universidad de Kent). Se dedica a la comunicaci\u00f3n estrat\u00e9gica en Linking Ideas, empresa de la que es socia fundadora. Es autora del poemario: De aquellos d\u00edas, y tambi\u00e9n ideadora e impulsora del colectivo feminista Doce Miradas (Premio Periodismo Vasco 2018).<\/p>\n","protected":false},"featured_media":0,"template":"","Tipo":[94],"class_list":["post-2013","autores","type-autores","status-publish","hentry","Tipo-autor"],"acf":{"bio_eus":"<p>ANA EROSTARBE MADRAZO es licenciada en Periodismo por la Universidad del Pa\u00eds Vasco y cuenta, entre otros, con un postgrado en Comunicaci\u00f3n Pol\u00edtica e Historia (Universidad de Kent). Se dedica a la comunicaci\u00f3n estrat\u00e9gica en Linking Ideas, empresa de la que es socia fundadora. Es autora del poemario: De aquellos d\u00edas, y tambi\u00e9n ideadora e impulsora del colectivo feminista Doce Miradas (Premio Periodismo Vasco 2018).<br \/>\r<br \/>\r\n<br \/>\r<br \/>\r\n<\/p>","id_gesedi":99},"_links":{"self":[{"href":"https:\/\/www.alberdania.net\/eu\/wp-json\/wp\/v2\/autores\/2013","targetHints":{"allow":["GET"]}}],"collection":[{"href":"https:\/\/www.alberdania.net\/eu\/wp-json\/wp\/v2\/autores"}],"about":[{"href":"https:\/\/www.alberdania.net\/eu\/wp-json\/wp\/v2\/types\/autores"}],"wp:attachment":[{"href":"https:\/\/www.alberdania.net\/eu\/wp-json\/wp\/v2\/media?parent=2013"}],"wp:term":[{"taxonomy":"Tipo","embeddable":true,"href":"https:\/\/www.alberdania.net\/eu\/wp-json\/wp\/v2\/Tipo?post=2013"}],"curies":[{"name":"wp","href":"https:\/\/api.w.org\/{rel}","templated":true}]}}

<p>ANA EROSTARBE MADRAZO es licenciada en Periodismo por la Universidad del País Vasco y cuenta, entre otros, con un postgrado en Comunicación Política e Historia (Universidad de Kent). Se dedica a la comunicación estratégica en Linking Ideas, empresa de la que es socia fundadora. Es autora del poemario: De aquellos días, y también ideadora e impulsora del colectivo feminista Doce Miradas (Premio Periodismo Vasco 2018).</p>

<p>ANA EROSTARBE MADRAZO es licenciada en Periodismo por la Universidad del País Vasco y cuenta, entre otros, con un postgrado en Comunicación Política e Historia (Universidad de Kent). Se dedica a la comunicación estratégica en Linking Ideas, empresa de la que es socia fundadora. Es autora del poemario: De aquellos días, y también ideadora e impulsora del colectivo feminista Doce Miradas (Premio Periodismo Vasco 2018).<br /><br />
<br /><br />
</p>
