{"id":2021,"date":"2023-10-17T10:43:55","date_gmt":"2023-10-17T10:43:55","guid":{"rendered":"https:\/\/berria.alberdania.net\/autores\/marilar-aleixandre\/"},"modified":"2026-04-21T00:32:53","modified_gmt":"2026-04-20T22:32:53","slug":"marilar-aleixandre","status":"publish","type":"autores","link":"https:\/\/www.alberdania.net\/eu\/autores\/marilar-aleixandre\/","title":{"rendered":"Marilar Aleixandre"},"content":{"rendered":"<p>MARILAR ALEIXANDRE (Madrid, 1947). Feminista da, narraziogilea, poeta, itzultzailea eta Real Academia Galegako kidea 2017az gero. Santiagoko Unibertsitatean, pentsamendu kritiko eta arrazoiketaren alorrean aritu zen irakasle. Galiziako literatur sari nagusiak jaso ditu.<\/p>\n<p>Haur eta gazte literatura ere jorratu du: Al\u00ed Bab\u00e1, Morxiana e os corenta usureiros (2017) eta A filla do minotauro (2018, Premio Ra\u00ed\u00f1a Lupa). Poesiari dagokionez, Mudanzas e outros velenos (2017) liburuan bildu zituen bere olerkien zati bat. Saiakeraren atalean, O pensamento feminista de Emilia Pardo Baz\u00e1n (2021) plazaratu du, eta helduentzako narraziogintzan, aldiz, honako hauek argitaratu ditu, besteak beste: A Compa\u00f1\u00eda Clandestina de Contrapublicidade (1998, Premio \u00c1lvaro Cunqueiro) eta As malas mulleres (2021, Premio Blanco Amor). Liburu honek 2022ko Narrazio Sari Nazionala jaso du.<\/p>\n","protected":false},"featured_media":0,"template":"","Tipo":[94],"class_list":["post-2021","autores","type-autores","status-publish","hentry","Tipo-autor"],"acf":{"bio_eus":"<p>MARILAR ALEIXANDRE (Madrid, 1947). Feminista da, narraziogilea, poeta, itzultzailea eta Real Academia Galegako kidea 2017az gero. Santiagoko Unibertsitatean, pentsamendu kritiko eta arrazoiketaren alorrean aritu zen irakasle. Galiziako literatur sari nagusiak jaso ditu.<br \/>\r<br \/>\r\nHaur eta gazte literatura ere jorratu du: Al\u00ed Bab\u00e1, Morxiana e os corenta usureiros (2017) eta A filla do minotauro (2018, Premio Ra\u00ed\u00f1a Lupa). Poesiari dagokionez, Mudanzas e outros velenos (2017) liburuan bildu zituen bere olerkien zati bat. Saiakeraren atalean, O pensamento feminista de Emilia Pardo Baz\u00e1n (2021) plazaratu du, eta helduentzako narraziogintzan, aldiz, honako hauek argitaratu ditu, besteak beste: A Compa\u00f1\u00eda Clandestina de Contrapublicidade (1998, Premio \u00c1lvaro Cunqueiro) eta As malas mulleres (2021, Premio Blanco Amor). Liburu honek 2022ko Narrazio Sari Nazionala jaso du.<br \/>\r<br \/>\r\n<\/p>","id_gesedi":107},"_links":{"self":[{"href":"https:\/\/www.alberdania.net\/eu\/wp-json\/wp\/v2\/autores\/2021","targetHints":{"allow":["GET"]}}],"collection":[{"href":"https:\/\/www.alberdania.net\/eu\/wp-json\/wp\/v2\/autores"}],"about":[{"href":"https:\/\/www.alberdania.net\/eu\/wp-json\/wp\/v2\/types\/autores"}],"wp:attachment":[{"href":"https:\/\/www.alberdania.net\/eu\/wp-json\/wp\/v2\/media?parent=2021"}],"wp:term":[{"taxonomy":"Tipo","embeddable":true,"href":"https:\/\/www.alberdania.net\/eu\/wp-json\/wp\/v2\/Tipo?post=2021"}],"curies":[{"name":"wp","href":"https:\/\/api.w.org\/{rel}","templated":true}]}}

<p>MARILAR ALEIXANDRE (Madrid, 1947). Feminista da, narraziogilea, poeta, itzultzailea eta Real Academia Galegako kidea 2017az gero. Santiagoko Unibertsitatean, pentsamendu kritiko eta arrazoiketaren alorrean aritu zen irakasle. Galiziako literatur sari nagusiak jaso ditu.</p>
<p>Haur eta gazte literatura ere jorratu du: Alí Babá, Morxiana e os corenta usureiros (2017) eta A filla do minotauro (2018, Premio Raíña Lupa). Poesiari dagokionez, Mudanzas e outros velenos (2017) liburuan bildu zituen bere olerkien zati bat. Saiakeraren atalean, O pensamento feminista de Emilia Pardo Bazán (2021) plazaratu du, eta helduentzako narraziogintzan, aldiz, honako hauek argitaratu ditu, besteak beste: A Compañía Clandestina de Contrapublicidade (1998, Premio Álvaro Cunqueiro) eta As malas mulleres (2021, Premio Blanco Amor). Liburu honek 2022ko Narrazio Sari Nazionala jaso du.</p>

<p>MARILAR ALEIXANDRE (Madrid, 1947). Feminista da, narraziogilea, poeta, itzultzailea eta Real Academia Galegako kidea 2017az gero. Santiagoko Unibertsitatean, pentsamendu kritiko eta arrazoiketaren alorrean aritu zen irakasle. Galiziako literatur sari nagusiak jaso ditu.<br /><br />
Haur eta gazte literatura ere jorratu du: Alí Babá, Morxiana e os corenta usureiros (2017) eta A filla do minotauro (2018, Premio Raíña Lupa). Poesiari dagokionez, Mudanzas e outros velenos (2017) liburuan bildu zituen bere olerkien zati bat. Saiakeraren atalean, O pensamento feminista de Emilia Pardo Bazán (2021) plazaratu du, eta helduentzako narraziogintzan, aldiz, honako hauek argitaratu ditu, besteak beste: A Compañía Clandestina de Contrapublicidade (1998, Premio Álvaro Cunqueiro) eta As malas mulleres (2021, Premio Blanco Amor). Liburu honek 2022ko Narrazio Sari Nazionala jaso du.<br /><br />
</p>
