{"id":2042,"date":"2023-10-17T10:44:31","date_gmt":"2023-10-17T10:44:31","guid":{"rendered":"https:\/\/berria.alberdania.net\/autores\/juan-claude-larronde\/"},"modified":"2026-04-21T00:33:24","modified_gmt":"2026-04-20T22:33:24","slug":"juan-claude-larronde","status":"publish","type":"autores","link":"https:\/\/www.alberdania.net\/eu\/autores\/juan-claude-larronde\/","title":{"rendered":"Juan Claude Larronde"},"content":{"rendered":"<p>JUAN CLAUDE LARRONDE (Baiona, 1946). Historiador e investigador especializado en temas relacionados con el nacionalismo vasco, es autor de una extensa obra centrada en diversos aspectos de la historia y evoluci\u00f3n de dicha ideolog\u00eda, as\u00ed como en sus figuras se\u00f1eras.<\/p>\n","protected":false},"featured_media":0,"template":"","Tipo":[94],"class_list":["post-2042","autores","type-autores","status-publish","hentry","Tipo-autor"],"acf":{"bio_eus":"<p>JUAN CLAUDE LARRONDE (Baiona, 1946). Historiador e investigador especializado en temas relacionados con el nacionalismo vasco, es autor de una extensa obra centrada en diversos aspectos de la historia y evoluci\u00f3n de dicha ideolog\u00eda, as\u00ed como en sus figuras se\u00f1eras.<\/p>","id_gesedi":128},"_links":{"self":[{"href":"https:\/\/www.alberdania.net\/eu\/wp-json\/wp\/v2\/autores\/2042","targetHints":{"allow":["GET"]}}],"collection":[{"href":"https:\/\/www.alberdania.net\/eu\/wp-json\/wp\/v2\/autores"}],"about":[{"href":"https:\/\/www.alberdania.net\/eu\/wp-json\/wp\/v2\/types\/autores"}],"wp:attachment":[{"href":"https:\/\/www.alberdania.net\/eu\/wp-json\/wp\/v2\/media?parent=2042"}],"wp:term":[{"taxonomy":"Tipo","embeddable":true,"href":"https:\/\/www.alberdania.net\/eu\/wp-json\/wp\/v2\/Tipo?post=2042"}],"curies":[{"name":"wp","href":"https:\/\/api.w.org\/{rel}","templated":true}]}}

<p>JUAN CLAUDE LARRONDE (Baiona, 1946). Historiador e investigador especializado en temas relacionados con el nacionalismo vasco, es autor de una extensa obra centrada en diversos aspectos de la historia y evolución de dicha ideología, así como en sus figuras señeras.</p>
