{"id":2150,"date":"2023-10-17T10:47:26","date_gmt":"2023-10-17T10:47:26","guid":{"rendered":"https:\/\/berria.alberdania.net\/autores\/koldo-mitxelena\/"},"modified":"2026-04-21T00:37:22","modified_gmt":"2026-04-20T22:37:22","slug":"koldo-mitxelena","status":"publish","type":"autores","link":"https:\/\/www.alberdania.net\/eu\/autores\/koldo-mitxelena\/","title":{"rendered":"Koldo Mitxelena"},"content":{"rendered":"<p>\nKoldo Mitxelena Elissalt (Errenteria, 1915 &#8211; San Sebasti\u00e1n, 1987), ling\u00fcista y escritor. Curs\u00f3 el bachillerato mientras trabajaba. Combatiente en la Guerra Civil, fue apresado en Santo\u00f1a. Condenado a muerte, pas\u00f3 ocho a\u00f1os en la c\u00e1rcel y all\u00ed empez\u00f3 a estudiar Filosof\u00eda y Letras, lenguas cl\u00e1sicas y modernas. En 1954 fue nombrado Acad\u00e9mico de N\u00famero. Fue profesor de teas universitarias en Sorbona, Salamanca y Euskal Herria. La historia del euskera tiene una referencia imprescindible tanto como investigador como como motor de la unidad ling\u00fc\u00edstica. Doctor Honoris Causa en Burdeos y teas universitarias de Barcelona, recibi\u00f3 los premios Men\u00e9ndez Pidal y Ossian.<\/p>\n","protected":false},"featured_media":0,"template":"","Tipo":[94],"class_list":["post-2150","autores","type-autores","status-publish","hentry","Tipo-autor"],"acf":{"bio_eus":"<p><br \/>\r\nKoldo Mitxelena Elissalt (Errenteria, 1915 - San Sebasti\u00e1n, 1987), ling\u00fcista y escritor. Curs\u00f3 el bachillerato mientras trabajaba. Combatiente en la Guerra Civil, fue apresado en Santo\u00f1a. Condenado a muerte, pas\u00f3 ocho a\u00f1os en la c\u00e1rcel y all\u00ed empez\u00f3 a estudiar Filosof\u00eda y Letras, lenguas cl\u00e1sicas y modernas. En 1954 fue nombrado Acad\u00e9mico de N\u00famero. Fue profesor de teas universitarias en Sorbona, Salamanca y Euskal Herria. La historia del euskera tiene una referencia imprescindible tanto como investigador como como motor de la unidad ling\u00fc\u00edstica. Doctor Honoris Causa en Burdeos y teas universitarias de Barcelona, recibi\u00f3 los premios Men\u00e9ndez Pidal y Ossian.<br \/>\r\n<\/p>","id_gesedi":237},"_links":{"self":[{"href":"https:\/\/www.alberdania.net\/eu\/wp-json\/wp\/v2\/autores\/2150","targetHints":{"allow":["GET"]}}],"collection":[{"href":"https:\/\/www.alberdania.net\/eu\/wp-json\/wp\/v2\/autores"}],"about":[{"href":"https:\/\/www.alberdania.net\/eu\/wp-json\/wp\/v2\/types\/autores"}],"wp:attachment":[{"href":"https:\/\/www.alberdania.net\/eu\/wp-json\/wp\/v2\/media?parent=2150"}],"wp:term":[{"taxonomy":"Tipo","embeddable":true,"href":"https:\/\/www.alberdania.net\/eu\/wp-json\/wp\/v2\/Tipo?post=2150"}],"curies":[{"name":"wp","href":"https:\/\/api.w.org\/{rel}","templated":true}]}}

<p>
Koldo Mitxelena Elissalt (Errenteria, 1915 &#8211; San Sebastián, 1987), lingüista y escritor. Cursó el bachillerato mientras trabajaba. Combatiente en la Guerra Civil, fue apresado en Santoña. Condenado a muerte, pasó ocho años en la cárcel y allí empezó a estudiar Filosofía y Letras, lenguas clásicas y modernas. En 1954 fue nombrado Académico de Número. Fue profesor de teas universitarias en Sorbona, Salamanca y Euskal Herria. La historia del euskera tiene una referencia imprescindible tanto como investigador como como motor de la unidad lingüística. Doctor Honoris Causa en Burdeos y teas universitarias de Barcelona, recibió los premios Menéndez Pidal y Ossian.</p>

<p><br />
Koldo Mitxelena Elissalt (Errenteria, 1915 - San Sebastián, 1987), lingüista y escritor. Cursó el bachillerato mientras trabajaba. Combatiente en la Guerra Civil, fue apresado en Santoña. Condenado a muerte, pasó ocho años en la cárcel y allí empezó a estudiar Filosofía y Letras, lenguas clásicas y modernas. En 1954 fue nombrado Académico de Número. Fue profesor de teas universitarias en Sorbona, Salamanca y Euskal Herria. La historia del euskera tiene una referencia imprescindible tanto como investigador como como motor de la unidad lingüística. Doctor Honoris Causa en Burdeos y teas universitarias de Barcelona, recibió los premios Menéndez Pidal y Ossian.<br />
</p>
