{"id":2153,"date":"2023-10-17T10:47:31","date_gmt":"2023-10-17T10:47:31","guid":{"rendered":"https:\/\/berria.alberdania.net\/autores\/josu-legarreta\/"},"modified":"2026-04-21T00:37:27","modified_gmt":"2026-04-20T22:37:27","slug":"josu-legarreta","status":"publish","type":"autores","link":"https:\/\/www.alberdania.net\/eu\/autores\/josu-legarreta\/","title":{"rendered":"Josu Legarreta"},"content":{"rendered":"<p>Josu Legarreta Bilbao<br \/>\n1948<br \/>\nLicenciado en Filosof\u00eda por la Universidad de Valencia. Ha desempe\u00f1ado diversos cargos en el Gobierno Vasco; fue designado Director de Promoci\u00f3n del Euskera del Departamento de Cultura (1985), Director de Cooperaci\u00f3n al Desarrollo (1991) y Director de Relaciones con las Colectividades Vascas del Mundo (1999). Ha dirigido la publicaci\u00f3n de la colecci\u00f3n Urazandi (29 tomos) y Derechos de los Pueblos Ind\u00edgenas (1998). Es autor de las siguientes obras: Desde el Futuro \u0096 Nacionalismo es m\u00e1s democracia (2004); Sentimientos compartidos (2011); Udazkenean aske (2015); y La Cooperaci\u00f3n vasca al Desarrollo (2016). Tambi\u00e9n es coautor de: Un Nuevo 31: Ideolog\u00eda y estrategia del Gobierno de Euzkadi durante la Segunda Guerra Mundial a trav\u00e9s de la correspondencia de Jos\u00e9 Antonio Aguirre y Manuel Irujo (2007); Pa\u00eds Vasco, \u00bfun nuevo Estado? (2013); Somos Vasco-Argentinos (2016); y Adi\u00f3s, Madre Patria (2017).<\/p>\n","protected":false},"featured_media":0,"template":"","Tipo":[94],"class_list":["post-2153","autores","type-autores","status-publish","hentry","Tipo-autor"],"acf":{"bio_eus":"<p>Josu Legarreta Bilbao<br \/>\r\n1948<br \/>\r\nLicenciado en Filosof\u00eda por la Universidad de Valencia. Ha desempe\u00f1ado diversos cargos en el Gobierno Vasco; fue designado Director de Promoci\u00f3n del Euskera del Departamento de Cultura (1985), Director de Cooperaci\u00f3n al Desarrollo (1991) y Director de Relaciones con las Colectividades Vascas del Mundo (1999). Ha dirigido la publicaci\u00f3n de la colecci\u00f3n Urazandi (29 tomos) y Derechos de los Pueblos Ind\u00edgenas (1998). Es autor de las siguientes obras: Desde el Futuro \u0096 Nacionalismo es m\u00e1s democracia (2004); Sentimientos compartidos (2011); Udazkenean aske (2015); y La Cooperaci\u00f3n vasca al Desarrollo (2016). Tambi\u00e9n es coautor de: Un Nuevo 31: Ideolog\u00eda y estrategia del Gobierno de Euzkadi durante la Segunda Guerra Mundial a trav\u00e9s de la correspondencia de Jos\u00e9 Antonio Aguirre y Manuel Irujo (2007); Pa\u00eds Vasco, \u00bfun nuevo Estado? (2013); Somos Vasco-Argentinos (2016); y Adi\u00f3s, Madre Patria (2017).<\/p>","id_gesedi":240},"_links":{"self":[{"href":"https:\/\/www.alberdania.net\/eu\/wp-json\/wp\/v2\/autores\/2153","targetHints":{"allow":["GET"]}}],"collection":[{"href":"https:\/\/www.alberdania.net\/eu\/wp-json\/wp\/v2\/autores"}],"about":[{"href":"https:\/\/www.alberdania.net\/eu\/wp-json\/wp\/v2\/types\/autores"}],"wp:attachment":[{"href":"https:\/\/www.alberdania.net\/eu\/wp-json\/wp\/v2\/media?parent=2153"}],"wp:term":[{"taxonomy":"Tipo","embeddable":true,"href":"https:\/\/www.alberdania.net\/eu\/wp-json\/wp\/v2\/Tipo?post=2153"}],"curies":[{"name":"wp","href":"https:\/\/api.w.org\/{rel}","templated":true}]}}

<p>Josu Legarreta Bilbao<br />
1948<br />
Licenciado en Filosofía por la Universidad de Valencia. Ha desempeñado diversos cargos en el Gobierno Vasco; fue designado Director de Promoción del Euskera del Departamento de Cultura (1985), Director de Cooperación al Desarrollo (1991) y Director de Relaciones con las Colectividades Vascas del Mundo (1999). Ha dirigido la publicación de la colección Urazandi (29 tomos) y Derechos de los Pueblos Indígenas (1998). Es autor de las siguientes obras: Desde el Futuro  Nacionalismo es más democracia (2004); Sentimientos compartidos (2011); Udazkenean aske (2015); y La Cooperación vasca al Desarrollo (2016). También es coautor de: Un Nuevo 31: Ideología y estrategia del Gobierno de Euzkadi durante la Segunda Guerra Mundial a través de la correspondencia de José Antonio Aguirre y Manuel Irujo (2007); País Vasco, ¿un nuevo Estado? (2013); Somos Vasco-Argentinos (2016); y Adiós, Madre Patria (2017).</p>

<p>Josu Legarreta Bilbao<br />
1948<br />
Licenciado en Filosofía por la Universidad de Valencia. Ha desempeñado diversos cargos en el Gobierno Vasco; fue designado Director de Promoción del Euskera del Departamento de Cultura (1985), Director de Cooperación al Desarrollo (1991) y Director de Relaciones con las Colectividades Vascas del Mundo (1999). Ha dirigido la publicación de la colección Urazandi (29 tomos) y Derechos de los Pueblos Indígenas (1998). Es autor de las siguientes obras: Desde el Futuro  Nacionalismo es más democracia (2004); Sentimientos compartidos (2011); Udazkenean aske (2015); y La Cooperación vasca al Desarrollo (2016). También es coautor de: Un Nuevo 31: Ideología y estrategia del Gobierno de Euzkadi durante la Segunda Guerra Mundial a través de la correspondencia de José Antonio Aguirre y Manuel Irujo (2007); País Vasco, ¿un nuevo Estado? (2013); Somos Vasco-Argentinos (2016); y Adiós, Madre Patria (2017).</p>
