{"id":2161,"date":"2023-10-17T10:47:42","date_gmt":"2023-10-17T10:47:42","guid":{"rendered":"https:\/\/berria.alberdania.net\/autores\/arrate-egana\/"},"modified":"2026-04-21T00:37:38","modified_gmt":"2026-04-20T22:37:38","slug":"arrate-egana","status":"publish","type":"autores","link":"https:\/\/www.alberdania.net\/eu\/autores\/arrate-egana\/","title":{"rendered":"Arrate Ega\u00f1a"},"content":{"rendered":"<p>&#8220;ARRATE EGA\u00d1A GIM\u00c9NEZ (Errenteria, 1963). Aspaldidanik Bermeon bizi da, eta hezkuntzan egiten du lan; hizkuntzen teknikaria da ISEI-IVEIn (Irakas-Sistema Ebaluatu eta Ikertzeko Erakundean).<\/p>\n<p>Hogei bat narrazio liburu argitaratu ditu (Kixmi elurpean, 2005, Hizkuntza sekretuak, 2008, Giltza, 2011, besteak beste), eta literatur sari batzuk eman dizkiote, SM Baporea, Bilboko Emakume Kontari edo Lizardi saria, besteak beste. 2012an, narrazio liburu bat argitaratu du Paradisua izenburupean. Gidoigintzaren gaineko ikasketak ere egin ditu, eta Egia hau da idatzi duen lehenbiziko antzerki lana.&#8221;<\/p>\n","protected":false},"featured_media":0,"template":"","Tipo":[94],"class_list":["post-2161","autores","type-autores","status-publish","hentry","Tipo-autor"],"acf":{"bio_eus":"<p>\"ARRATE EGA\u00d1A GIM\u00c9NEZ (Errenteria, 1963). Aspaldidanik Bermeon bizi da, eta hezkuntzan egiten du lan; hizkuntzen teknikaria da ISEI-IVEIn (Irakas-Sistema Ebaluatu eta Ikertzeko Erakundean).<br \/>\r\n<br \/>\r\nHogei bat narrazio liburu argitaratu ditu (Kixmi elurpean, 2005, Hizkuntza sekretuak, 2008, Giltza, 2011, besteak beste), eta literatur sari batzuk eman dizkiote, SM Baporea, Bilboko Emakume Kontari edo Lizardi saria, besteak beste. 2012an, narrazio liburu bat argitaratu du Paradisua izenburupean. Gidoigintzaren gaineko ikasketak ere egin ditu, eta Egia hau da idatzi duen lehenbiziko antzerki lana.\"<\/p>","id_gesedi":248},"_links":{"self":[{"href":"https:\/\/www.alberdania.net\/eu\/wp-json\/wp\/v2\/autores\/2161","targetHints":{"allow":["GET"]}}],"collection":[{"href":"https:\/\/www.alberdania.net\/eu\/wp-json\/wp\/v2\/autores"}],"about":[{"href":"https:\/\/www.alberdania.net\/eu\/wp-json\/wp\/v2\/types\/autores"}],"wp:attachment":[{"href":"https:\/\/www.alberdania.net\/eu\/wp-json\/wp\/v2\/media?parent=2161"}],"wp:term":[{"taxonomy":"Tipo","embeddable":true,"href":"https:\/\/www.alberdania.net\/eu\/wp-json\/wp\/v2\/Tipo?post=2161"}],"curies":[{"name":"wp","href":"https:\/\/api.w.org\/{rel}","templated":true}]}}

Arrate Egaña

<p>&#8220;ARRATE EGAÑA GIMÉNEZ (Errenteria, 1963). Aspaldidanik Bermeon bizi da, eta hezkuntzan egiten du lan; hizkuntzen teknikaria da ISEI-IVEIn (Irakas-Sistema Ebaluatu eta Ikertzeko Erakundean).</p>
<p>Hogei bat narrazio liburu argitaratu ditu (Kixmi elurpean, 2005, Hizkuntza sekretuak, 2008, Giltza, 2011, besteak beste), eta literatur sari batzuk eman dizkiote, SM Baporea, Bilboko Emakume Kontari edo Lizardi saria, besteak beste. 2012an, narrazio liburu bat argitaratu du Paradisua izenburupean. Gidoigintzaren gaineko ikasketak ere egin ditu, eta Egia hau da idatzi duen lehenbiziko antzerki lana.&#8221;</p>

<p>"ARRATE EGAÑA GIMÉNEZ (Errenteria, 1963). Aspaldidanik Bermeon bizi da, eta hezkuntzan egiten du lan; hizkuntzen teknikaria da ISEI-IVEIn (Irakas-Sistema Ebaluatu eta Ikertzeko Erakundean).<br />
<br />
Hogei bat narrazio liburu argitaratu ditu (Kixmi elurpean, 2005, Hizkuntza sekretuak, 2008, Giltza, 2011, besteak beste), eta literatur sari batzuk eman dizkiote, SM Baporea, Bilboko Emakume Kontari edo Lizardi saria, besteak beste. 2012an, narrazio liburu bat argitaratu du Paradisua izenburupean. Gidoigintzaren gaineko ikasketak ere egin ditu, eta Egia hau da idatzi duen lehenbiziko antzerki lana."</p>
