{"id":2167,"date":"2023-10-17T10:47:49","date_gmt":"2023-10-17T10:47:49","guid":{"rendered":"https:\/\/berria.alberdania.net\/autores\/marco-antonio-de-la-parra-calderon\/"},"modified":"2026-04-21T00:37:47","modified_gmt":"2026-04-20T22:37:47","slug":"marco-antonio-de-la-parra-calderon","status":"publish","type":"autores","link":"https:\/\/www.alberdania.net\/eu\/autores\/marco-antonio-de-la-parra-calderon\/","title":{"rendered":"Marco Antonio De La Parra Calder\u00f3n"},"content":{"rendered":"<p> (Chile, 1952). M\u00e9dico psiquiatra, escritor y dramaturgo, ha publicado cerca de setenta t\u00edtulos entre teatro, ensayo y narrativa. Es director de la Escuela de Literatura de la Universidad Finis Terrae en Santiago de Chile. Fue agregado cultural de Chile en Espa\u00f1a entre 1991 y 1993 y es miembro de la Academia Chilena de Bellas Artes. Premio Max 2003 a la Figura Hispanoamericana del Teatro, premio CajEspa\u00f1a 1992 y Borne 1991 de teatro. Becario Guggenheim 2001-2002.<\/p>\n","protected":false},"featured_media":0,"template":"","Tipo":[94],"class_list":["post-2167","autores","type-autores","status-publish","hentry","Tipo-autor"],"acf":{"bio_eus":"<p> (Chile, 1952). M\u00e9dico psiquiatra, escritor y dramaturgo, ha publicado cerca de setenta t\u00edtulos entre teatro, ensayo y narrativa. Es director de la Escuela de Literatura de la Universidad Finis Terrae en Santiago de Chile. Fue agregado cultural de Chile en Espa\u00f1a entre 1991 y 1993 y es miembro de la Academia Chilena de Bellas Artes. Premio Max 2003 a la Figura Hispanoamericana del Teatro, premio CajEspa\u00f1a 1992 y Borne 1991 de teatro. Becario Guggenheim 2001-2002.<\/p>","id_gesedi":254},"_links":{"self":[{"href":"https:\/\/www.alberdania.net\/eu\/wp-json\/wp\/v2\/autores\/2167","targetHints":{"allow":["GET"]}}],"collection":[{"href":"https:\/\/www.alberdania.net\/eu\/wp-json\/wp\/v2\/autores"}],"about":[{"href":"https:\/\/www.alberdania.net\/eu\/wp-json\/wp\/v2\/types\/autores"}],"wp:attachment":[{"href":"https:\/\/www.alberdania.net\/eu\/wp-json\/wp\/v2\/media?parent=2167"}],"wp:term":[{"taxonomy":"Tipo","embeddable":true,"href":"https:\/\/www.alberdania.net\/eu\/wp-json\/wp\/v2\/Tipo?post=2167"}],"curies":[{"name":"wp","href":"https:\/\/api.w.org\/{rel}","templated":true}]}}

Marco Antonio De La Parra Calderón

<p> (Chile, 1952). Médico psiquiatra, escritor y dramaturgo, ha publicado cerca de setenta títulos entre teatro, ensayo y narrativa. Es director de la Escuela de Literatura de la Universidad Finis Terrae en Santiago de Chile. Fue agregado cultural de Chile en España entre 1991 y 1993 y es miembro de la Academia Chilena de Bellas Artes. Premio Max 2003 a la Figura Hispanoamericana del Teatro, premio CajEspaña 1992 y Borne 1991 de teatro. Becario Guggenheim 2001-2002.</p>
