{"id":2171,"date":"2023-10-17T10:47:55","date_gmt":"2023-10-17T10:47:55","guid":{"rendered":"https:\/\/berria.alberdania.net\/autores\/koldo-ordozgoiti\/"},"modified":"2026-04-21T00:37:53","modified_gmt":"2026-04-20T22:37:53","slug":"koldo-ordozgoiti","status":"publish","type":"autores","link":"https:\/\/www.alberdania.net\/eu\/autores\/koldo-ordozgoiti\/","title":{"rendered":"Koldo Ordozgoiti"},"content":{"rendered":"<p>(Errenteria, 1959). Licenciado en Ciencias de la Informaci\u00f3n por la Universidad Aut\u00f3noma de Barcelona. Desde 1982 ha ejercido el periodismo en diferentes medios de comunicaci\u00f3n (Herri Irratia-Radio Popular, Euskal Telebista), y ha sido responsable de comunicaci\u00f3n pol\u00edtica e institucional en diferentes \u00e1mbitos pol\u00edticos y empresariales. Desde 1996 hasta mayo de 2009 fue director de comunicaci\u00f3n del Departamento de Cultura del Gobierno Vasco, labor que compatibiliz\u00f3 desde 2004 con la responsabilidad de adjunto a la consejera portavoz del Gobierno Vasco. En la actualidad es asesor independiente de comunicaci\u00f3n.<\/p>\n","protected":false},"featured_media":0,"template":"","Tipo":[94],"class_list":["post-2171","autores","type-autores","status-publish","hentry","Tipo-autor"],"acf":{"bio_eus":"<p>(Errenteria, 1959). Licenciado en Ciencias de la Informaci\u00f3n por la Universidad Aut\u00f3noma de Barcelona. Desde 1982 ha ejercido el periodismo en diferentes medios de comunicaci\u00f3n (Herri Irratia-Radio Popular, Euskal Telebista), y ha sido responsable de comunicaci\u00f3n pol\u00edtica e institucional en diferentes \u00e1mbitos pol\u00edticos y empresariales. Desde 1996 hasta mayo de 2009 fue director de comunicaci\u00f3n del Departamento de Cultura del Gobierno Vasco, labor que compatibiliz\u00f3 desde 2004 con la responsabilidad de adjunto a la consejera portavoz del Gobierno Vasco. En la actualidad es asesor independiente de comunicaci\u00f3n.<br \/>\r\n<\/p>","id_gesedi":258},"_links":{"self":[{"href":"https:\/\/www.alberdania.net\/eu\/wp-json\/wp\/v2\/autores\/2171","targetHints":{"allow":["GET"]}}],"collection":[{"href":"https:\/\/www.alberdania.net\/eu\/wp-json\/wp\/v2\/autores"}],"about":[{"href":"https:\/\/www.alberdania.net\/eu\/wp-json\/wp\/v2\/types\/autores"}],"wp:attachment":[{"href":"https:\/\/www.alberdania.net\/eu\/wp-json\/wp\/v2\/media?parent=2171"}],"wp:term":[{"taxonomy":"Tipo","embeddable":true,"href":"https:\/\/www.alberdania.net\/eu\/wp-json\/wp\/v2\/Tipo?post=2171"}],"curies":[{"name":"wp","href":"https:\/\/api.w.org\/{rel}","templated":true}]}}

<p>(Errenteria, 1959). Licenciado en Ciencias de la Información por la Universidad Autónoma de Barcelona. Desde 1982 ha ejercido el periodismo en diferentes medios de comunicación (Herri Irratia-Radio Popular, Euskal Telebista), y ha sido responsable de comunicación política e institucional en diferentes ámbitos políticos y empresariales. Desde 1996 hasta mayo de 2009 fue director de comunicación del Departamento de Cultura del Gobierno Vasco, labor que compatibilizó desde 2004 con la responsabilidad de adjunto a la consejera portavoz del Gobierno Vasco. En la actualidad es asesor independiente de comunicación.</p>

<p>(Errenteria, 1959). Licenciado en Ciencias de la Información por la Universidad Autónoma de Barcelona. Desde 1982 ha ejercido el periodismo en diferentes medios de comunicación (Herri Irratia-Radio Popular, Euskal Telebista), y ha sido responsable de comunicación política e institucional en diferentes ámbitos políticos y empresariales. Desde 1996 hasta mayo de 2009 fue director de comunicación del Departamento de Cultura del Gobierno Vasco, labor que compatibilizó desde 2004 con la responsabilidad de adjunto a la consejera portavoz del Gobierno Vasco. En la actualidad es asesor independiente de comunicación.<br />
</p>
