{"id":2172,"date":"2023-10-17T10:47:56","date_gmt":"2023-10-17T10:47:56","guid":{"rendered":"https:\/\/berria.alberdania.net\/autores\/ander-gurrutxaga\/"},"modified":"2026-04-21T00:37:54","modified_gmt":"2026-04-20T22:37:54","slug":"ander-gurrutxaga","status":"publish","type":"autores","link":"https:\/\/www.alberdania.net\/eu\/autores\/ander-gurrutxaga\/","title":{"rendered":"Ander Gurrutxaga"},"content":{"rendered":"<p>Ander Gurrutxaga Abad (Barakaldo, Bizkaia, 1956) es Licenciado, por la Universidad de Deusto, en CC. Pol\u00edticas y Sociolog\u00eda en el a\u00f1o 1978. Profesor de Universidad desde el curso 1979\/1980. Doctor en Sociolog\u00eda desde 1984. Profesor Titular de la Universidad del Pa\u00eds Vasco\/Euskal Herriko Unibertsitatea desde 1989.  Es, desde 1994, Catedr\u00e1tico de Sociolog\u00eda de la UPV\/EHU. Actualmente es Investigador Principal del Grupo de Excelencia sobre Cambio, Complejidad e Innovaci\u00f3n- INNOLAB-.<\/p>\n","protected":false},"featured_media":0,"template":"","Tipo":[94],"class_list":["post-2172","autores","type-autores","status-publish","hentry","Tipo-autor"],"acf":{"bio_eus":"<p>Ander Gurrutxaga Abad (Barakaldo, Bizkaia, 1956) es Licenciado, por la Universidad de Deusto, en CC. Pol\u00edticas y Sociolog\u00eda en el a\u00f1o 1978. Profesor de Universidad desde el curso 1979\/1980. Doctor en Sociolog\u00eda desde 1984. Profesor Titular de la Universidad del Pa\u00eds Vasco\/Euskal Herriko Unibertsitatea desde 1989.  Es, desde 1994, Catedr\u00e1tico de Sociolog\u00eda de la UPV\/EHU. Actualmente es Investigador Principal del Grupo de Excelencia sobre Cambio, Complejidad e Innovaci\u00f3n- INNOLAB-.<\/p>","id_gesedi":259},"_links":{"self":[{"href":"https:\/\/www.alberdania.net\/eu\/wp-json\/wp\/v2\/autores\/2172","targetHints":{"allow":["GET"]}}],"collection":[{"href":"https:\/\/www.alberdania.net\/eu\/wp-json\/wp\/v2\/autores"}],"about":[{"href":"https:\/\/www.alberdania.net\/eu\/wp-json\/wp\/v2\/types\/autores"}],"wp:attachment":[{"href":"https:\/\/www.alberdania.net\/eu\/wp-json\/wp\/v2\/media?parent=2172"}],"wp:term":[{"taxonomy":"Tipo","embeddable":true,"href":"https:\/\/www.alberdania.net\/eu\/wp-json\/wp\/v2\/Tipo?post=2172"}],"curies":[{"name":"wp","href":"https:\/\/api.w.org\/{rel}","templated":true}]}}

<p>Ander Gurrutxaga Abad (Barakaldo, Bizkaia, 1956) es Licenciado, por la Universidad de Deusto, en CC. Políticas y Sociología en el año 1978. Profesor de Universidad desde el curso 1979/1980. Doctor en Sociología desde 1984. Profesor Titular de la Universidad del País Vasco/Euskal Herriko Unibertsitatea desde 1989.  Es, desde 1994, Catedrático de Sociología de la UPV/EHU. Actualmente es Investigador Principal del Grupo de Excelencia sobre Cambio, Complejidad e Innovación- INNOLAB-.</p>
