{"id":2220,"date":"2023-10-17T10:49:09","date_gmt":"2023-10-17T10:49:09","guid":{"rendered":"https:\/\/berria.alberdania.net\/autores\/victoria-bermejo\/"},"modified":"2026-04-21T00:40:21","modified_gmt":"2026-04-20T22:40:21","slug":"victoria-bermejo","status":"publish","type":"autores","link":"https:\/\/www.alberdania.net\/eu\/autores\/victoria-bermejo\/","title":{"rendered":"Victoria Bermejo"},"content":{"rendered":"<p>Victoria Bermejo naci\u00f3 en Barcelona y ha vivido en Valladolid, Nueva York y Berl\u00edn. Es escritora y cineasta, escudri\u00f1adora y fl\u00e2neuse. <\/p>\n","protected":false},"featured_media":0,"template":"","Tipo":[94],"class_list":["post-2220","autores","type-autores","status-publish","hentry","Tipo-autor"],"acf":{"bio_eus":"<p>Victoria Bermejo naci\u00f3 en Barcelona y ha vivido en Valladolid, Nueva York y Berl\u00edn. Es escritora y cineasta, escudri\u00f1adora y fl\u00e2neuse. <\/p>","id_gesedi":307},"_links":{"self":[{"href":"https:\/\/www.alberdania.net\/eu\/wp-json\/wp\/v2\/autores\/2220","targetHints":{"allow":["GET"]}}],"collection":[{"href":"https:\/\/www.alberdania.net\/eu\/wp-json\/wp\/v2\/autores"}],"about":[{"href":"https:\/\/www.alberdania.net\/eu\/wp-json\/wp\/v2\/types\/autores"}],"wp:attachment":[{"href":"https:\/\/www.alberdania.net\/eu\/wp-json\/wp\/v2\/media?parent=2220"}],"wp:term":[{"taxonomy":"Tipo","embeddable":true,"href":"https:\/\/www.alberdania.net\/eu\/wp-json\/wp\/v2\/Tipo?post=2220"}],"curies":[{"name":"wp","href":"https:\/\/api.w.org\/{rel}","templated":true}]}}

<p>Victoria Bermejo nació en Barcelona y ha vivido en Valladolid, Nueva York y Berlín. Es escritora y cineasta, escudriñadora y flâneuse. </p>
