{"id":2302,"date":"2023-10-17T10:51:38","date_gmt":"2023-10-17T10:51:38","guid":{"rendered":"https:\/\/berria.alberdania.net\/autores\/ramon-zallo\/"},"modified":"2026-04-21T00:42:24","modified_gmt":"2026-04-20T22:42:24","slug":"ramon-zallo","status":"publish","type":"autores","link":"https:\/\/www.alberdania.net\/eu\/autores\/ramon-zallo\/","title":{"rendered":"Ram\u00f3n Zallo"},"content":{"rendered":"<p>RAM\u00d3N ZALLO ELGEZABAL (Gernika, 1948) es desde 1965 uno de los activistas sociales, pol\u00edticos e intelectuales m\u00e1s influyentes en el Pa\u00eds Vasco. Catedr\u00e1tico Em\u00e9rito de la EHU, se ha especializado en estructura, econom\u00eda y pol\u00edticas de la cultura. Entre sus publicaciones en esos \u00e1mbitos destacan Econom\u00eda de la comunicaci\u00f3n y la cultura (1987), Estructuras de la comunicaci\u00f3n y la cultura. Pol\u00edticas para la era digital (2011) y Tendencias en comunicaci\u00f3n. Cultura digital y poder (2016). Asesor del departamento de Cultura del Gobierno Vasco entre 2002 y 2009 con Juan Jos\u00e9 Ibarretxe como lehendakari, fue el redactor principal del Plan Vasco de Cultura. Como analista pol\u00edtico y cultural, ha escrito varios libros sobre Euskal Herria: Euskadi o la Segunda Transici\u00f3n (1996), El pa\u00eds de los vascos: de los acontecimientos de Ermua al segundo Gobierno Ibarretxe (2001), El Pueblo Vasco, hoy. Cultura, historia y sociedad en la era de la diversidad y del conocimiento (2007); particip\u00f3 junto con otros autores en Egunkaria: amets baten egia (2010); public\u00f3 con Josu Amezaga y otros Informe bienal sobre el estado de la cultura en el Pa\u00eds Vasco. Propuestas de pol\u00edtica cultural (2016); junto a Txema Garc\u00eda, Miradas en torno al proc\u00e9s. Del tablero catal\u00e1n a la encrucijada vasca (2018); y El declive econ\u00f3mico de Busturialdea-Urdaibai: dilemas y propuestas (2021). Adem\u00e1s del presente volumen, en la actualidad prepara un libro, a editar por Alberdania: Tiempos inciertos, sistema cultural y nuevo estatus pol\u00edtico vasco.<\/p>\n","protected":false},"featured_media":0,"template":"","Tipo":[94],"class_list":["post-2302","autores","type-autores","status-publish","hentry","Tipo-autor"],"acf":{"bio_eus":"<p>RAM\u00d3N ZALLO ELGEZABAL (Gernika, 1948) es desde 1965 uno de los activistas sociales, pol\u00edticos e intelectuales m\u00e1s influyentes en el Pa\u00eds Vasco. Catedr\u00e1tico Em\u00e9rito de la EHU, se ha especializado en estructura, econom\u00eda y pol\u00edticas de la cultura. Entre sus publicaciones en esos \u00e1mbitos destacan Econom\u00eda de la comunicaci\u00f3n y la cultura (1987), Estructuras de la comunicaci\u00f3n y la cultura. Pol\u00edticas para la era digital (2011) y Tendencias en comunicaci\u00f3n. Cultura digital y poder (2016). Asesor del departamento de Cultura del Gobierno Vasco entre 2002 y 2009 con Juan Jos\u00e9 Ibarretxe como lehendakari, fue el redactor principal del Plan Vasco de Cultura. Como analista pol\u00edtico y cultural, ha escrito varios libros sobre Euskal Herria: Euskadi o la Segunda Transici\u00f3n (1996), El pa\u00eds de los vascos: de los acontecimientos de Ermua al segundo Gobierno Ibarretxe (2001), El Pueblo Vasco, hoy. Cultura, historia y sociedad en la era de la diversidad y del conocimiento (2007); particip\u00f3 junto con otros autores en Egunkaria: amets baten egia (2010); public\u00f3 con Josu Amezaga y otros Informe bienal sobre el estado de la cultura en el Pa\u00eds Vasco. Propuestas de pol\u00edtica cultural (2016); junto a Txema Garc\u00eda, Miradas en torno al proc\u00e9s. Del tablero catal\u00e1n a la encrucijada vasca (2018); y El declive econ\u00f3mico de Busturialdea-Urdaibai: dilemas y propuestas (2021). Adem\u00e1s del presente volumen, en la actualidad prepara un libro, a editar por Alberdania: Tiempos inciertos, sistema cultural y nuevo estatus pol\u00edtico vasco.<\/p>","id_gesedi":390},"_links":{"self":[{"href":"https:\/\/www.alberdania.net\/eu\/wp-json\/wp\/v2\/autores\/2302","targetHints":{"allow":["GET"]}}],"collection":[{"href":"https:\/\/www.alberdania.net\/eu\/wp-json\/wp\/v2\/autores"}],"about":[{"href":"https:\/\/www.alberdania.net\/eu\/wp-json\/wp\/v2\/types\/autores"}],"wp:attachment":[{"href":"https:\/\/www.alberdania.net\/eu\/wp-json\/wp\/v2\/media?parent=2302"}],"wp:term":[{"taxonomy":"Tipo","embeddable":true,"href":"https:\/\/www.alberdania.net\/eu\/wp-json\/wp\/v2\/Tipo?post=2302"}],"curies":[{"name":"wp","href":"https:\/\/api.w.org\/{rel}","templated":true}]}}

Ramón Zallo

<p>RAMÓN ZALLO ELGEZABAL (Gernika, 1948) es desde 1965 uno de los activistas sociales, políticos e intelectuales más influyentes en el País Vasco. Catedrático Emérito de la EHU, se ha especializado en estructura, economía y políticas de la cultura. Entre sus publicaciones en esos ámbitos destacan Economía de la comunicación y la cultura (1987), Estructuras de la comunicación y la cultura. Políticas para la era digital (2011) y Tendencias en comunicación. Cultura digital y poder (2016). Asesor del departamento de Cultura del Gobierno Vasco entre 2002 y 2009 con Juan José Ibarretxe como lehendakari, fue el redactor principal del Plan Vasco de Cultura. Como analista político y cultural, ha escrito varios libros sobre Euskal Herria: Euskadi o la Segunda Transición (1996), El país de los vascos: de los acontecimientos de Ermua al segundo Gobierno Ibarretxe (2001), El Pueblo Vasco, hoy. Cultura, historia y sociedad en la era de la diversidad y del conocimiento (2007); participó junto con otros autores en Egunkaria: amets baten egia (2010); publicó con Josu Amezaga y otros Informe bienal sobre el estado de la cultura en el País Vasco. Propuestas de política cultural (2016); junto a Txema García, Miradas en torno al procés. Del tablero catalán a la encrucijada vasca (2018); y El declive económico de Busturialdea-Urdaibai: dilemas y propuestas (2021). Además del presente volumen, en la actualidad prepara un libro, a editar por Alberdania: Tiempos inciertos, sistema cultural y nuevo estatus político vasco.</p>
