{"id":6852,"date":"2024-09-13T00:42:23","date_gmt":"2024-09-12T22:42:23","guid":{"rendered":"https:\/\/www.alberdania.net\/autores\/elordi-garcia-insausti\/"},"modified":"2026-04-21T00:43:07","modified_gmt":"2026-04-20T22:43:07","slug":"elordi-garcia-insausti","status":"publish","type":"autores","link":"https:\/\/www.alberdania.net\/eu\/autores\/elordi-garcia-insausti\/","title":{"rendered":"Elordi Garc\u00eda Insausti"},"content":{"rendered":"<p>ELORDI GARC\u00cdA INSAUSTI naci\u00f3 en Lazkao (Gipuzkoa) en 1977. Licenciada en Ciencias de la Informaci\u00f3n por la Universidad del Pa\u00eds Vasco, empez\u00f3 a trabajar en la emisora de radio Herri Irratia nada m\u00e1s terminar la carrera. En apenas unos meses, se convirti\u00f3 en directora y presentadora de un magazine matinal y de un programa de m\u00fasica. Su curiosidad por descubrir otros medios la llev\u00f3 a realizar un M\u00e1ster en Televisi\u00f3n en la Universidad Complutense de Madrid. Desde entonces, ha trabajado en cadenas como ETB, Telemadrid y Castilla-La Mancha Media, tanto delante como detr\u00e1s de las c\u00e1maras. De hecho, ha sido presentadora de informativos, programas y hasta de las campanadas de Fin de A\u00f1o.<\/p>\n<p>Irrumpe en el mundo literario en 2021 con un libro autobiogr\u00e1fico, Imparable hasta la m\u00e9dula, que vuelve a salir a la luz con contenido in\u00e9dito. En 2024 participa en el libro colectivo Creatividad para Curiosos.  <\/p>\n<p>Gracias a su trayectoria profesional y a su af\u00e1n por comunicar, actualmente imparte conferencias de motivaci\u00f3n y gesti\u00f3n emocional basadas en su experiencia personal.<\/p>\n","protected":false},"featured_media":0,"template":"","Tipo":[94],"class_list":["post-6852","autores","type-autores","status-publish","hentry","Tipo-autor"],"acf":{"bio_eus":"<p>ELORDI GARC\u00cdA INSAUSTI naci\u00f3 en Lazkao (Gipuzkoa) en 1977. Licenciada en Ciencias de la Informaci\u00f3n por la Universidad del Pa\u00eds Vasco, empez\u00f3 a trabajar en la emisora de radio Herri Irratia nada m\u00e1s terminar la carrera. En apenas unos meses, se convirti\u00f3 en directora y presentadora de un magazine matinal y de un programa de m\u00fasica. Su curiosidad por descubrir otros medios la llev\u00f3 a realizar un M\u00e1ster en Televisi\u00f3n en la Universidad Complutense de Madrid. Desde entonces, ha trabajado en cadenas como ETB, Telemadrid y Castilla-La Mancha Media, tanto delante como detr\u00e1s de las c\u00e1maras. De hecho, ha sido presentadora de informativos, programas y hasta de las campanadas de Fin de A\u00f1o.<br \/>\r<br \/>\r\nIrrumpe en el mundo literario en 2021 con un libro autobiogr\u00e1fico, Imparable hasta la m\u00e9dula, que vuelve a salir a la luz con contenido in\u00e9dito. En 2024 participa en el libro colectivo Creatividad para Curiosos.  <br \/>\r<br \/>\r\nGracias a su trayectoria profesional y a su af\u00e1n por comunicar, actualmente imparte conferencias de motivaci\u00f3n y gesti\u00f3n emocional basadas en su experiencia personal.<br \/>\r<br \/>\r\n<\/p>","id_gesedi":426},"_links":{"self":[{"href":"https:\/\/www.alberdania.net\/eu\/wp-json\/wp\/v2\/autores\/6852","targetHints":{"allow":["GET"]}}],"collection":[{"href":"https:\/\/www.alberdania.net\/eu\/wp-json\/wp\/v2\/autores"}],"about":[{"href":"https:\/\/www.alberdania.net\/eu\/wp-json\/wp\/v2\/types\/autores"}],"wp:attachment":[{"href":"https:\/\/www.alberdania.net\/eu\/wp-json\/wp\/v2\/media?parent=6852"}],"wp:term":[{"taxonomy":"Tipo","embeddable":true,"href":"https:\/\/www.alberdania.net\/eu\/wp-json\/wp\/v2\/Tipo?post=6852"}],"curies":[{"name":"wp","href":"https:\/\/api.w.org\/{rel}","templated":true}]}}

Elordi García Insausti

<p>ELORDI GARCÍA INSAUSTI nació en Lazkao (Gipuzkoa) en 1977. Licenciada en Ciencias de la Información por la Universidad del País Vasco, empezó a trabajar en la emisora de radio Herri Irratia nada más terminar la carrera. En apenas unos meses, se convirtió en directora y presentadora de un magazine matinal y de un programa de música. Su curiosidad por descubrir otros medios la llevó a realizar un Máster en Televisión en la Universidad Complutense de Madrid. Desde entonces, ha trabajado en cadenas como ETB, Telemadrid y Castilla-La Mancha Media, tanto delante como detrás de las cámaras. De hecho, ha sido presentadora de informativos, programas y hasta de las campanadas de Fin de Año.</p>
<p>Irrumpe en el mundo literario en 2021 con un libro autobiográfico, Imparable hasta la médula, que vuelve a salir a la luz con contenido inédito. En 2024 participa en el libro colectivo Creatividad para Curiosos.  </p>
<p>Gracias a su trayectoria profesional y a su afán por comunicar, actualmente imparte conferencias de motivación y gestión emocional basadas en su experiencia personal.</p>

<p>ELORDI GARCÍA INSAUSTI nació en Lazkao (Gipuzkoa) en 1977. Licenciada en Ciencias de la Información por la Universidad del País Vasco, empezó a trabajar en la emisora de radio Herri Irratia nada más terminar la carrera. En apenas unos meses, se convirtió en directora y presentadora de un magazine matinal y de un programa de música. Su curiosidad por descubrir otros medios la llevó a realizar un Máster en Televisión en la Universidad Complutense de Madrid. Desde entonces, ha trabajado en cadenas como ETB, Telemadrid y Castilla-La Mancha Media, tanto delante como detrás de las cámaras. De hecho, ha sido presentadora de informativos, programas y hasta de las campanadas de Fin de Año.<br /><br />
Irrumpe en el mundo literario en 2021 con un libro autobiográfico, Imparable hasta la médula, que vuelve a salir a la luz con contenido inédito. En 2024 participa en el libro colectivo Creatividad para Curiosos.  <br /><br />
Gracias a su trayectoria profesional y a su afán por comunicar, actualmente imparte conferencias de motivación y gestión emocional basadas en su experiencia personal.<br /><br />
</p>
