{"id":7364,"date":"2025-09-05T00:43:06","date_gmt":"2025-09-04T22:43:06","guid":{"rendered":"https:\/\/www.alberdania.net\/autores\/nuria-bendicho\/"},"modified":"2026-04-21T00:43:31","modified_gmt":"2026-04-20T22:43:31","slug":"nuria-bendicho","status":"publish","type":"autores","link":"https:\/\/www.alberdania.net\/eu\/autores\/nuria-bendicho\/","title":{"rendered":"N\u00faria Bendicho"},"content":{"rendered":"<p>N\u00daRIA BENDICHO GIR\u00d3 (Bartzelona, 1995). Filosofian lizentziaduna da eta grekoko eta latineko irakaslea akademia batean. William Faulknerren irakurle amorratua eta mireslea, mundu erdian zehar bidaiatu du eta Danimarkan izeiak mozten lan egin du. 2020an bere lehen eleberria, Terres mortes, Llibres Anagrama sarirako aurkeztu zuen, eta irabazi ez bazuen ere, epaimahaiak argitaratzea gomendatu zuen. La Vanguardiak 2021ean katalanez idatzitako eleberririk onena bezala kontsideratua, N\u00faria Bendichoren debuta Llibreter, Omnium eta Finestres sarietarako finalisten artean egon zen.<\/p>\n","protected":false},"featured_media":0,"template":"","Tipo":[94],"class_list":["post-7364","autores","type-autores","status-publish","hentry","Tipo-autor"],"acf":{"bio_eus":"<p>N\u00daRIA BENDICHO GIR\u00d3 (Bartzelona, 1995). Filosofian lizentziaduna da eta grekoko eta latineko irakaslea akademia batean. William Faulknerren irakurle amorratua eta mireslea, mundu erdian zehar bidaiatu du eta Danimarkan izeiak mozten lan egin du. 2020an bere lehen eleberria, Terres mortes, Llibres Anagrama sarirako aurkeztu zuen, eta irabazi ez bazuen ere, epaimahaiak argitaratzea gomendatu zuen. La Vanguardiak 2021ean katalanez idatzitako eleberririk onena bezala kontsideratua, N\u00faria Bendichoren debuta Llibreter, Omnium eta Finestres sarietarako finalisten artean egon zen.<br \/>\r<br \/>\r\n<br \/>\r<br \/>\r\n<\/p>","id_gesedi":446},"_links":{"self":[{"href":"https:\/\/www.alberdania.net\/eu\/wp-json\/wp\/v2\/autores\/7364","targetHints":{"allow":["GET"]}}],"collection":[{"href":"https:\/\/www.alberdania.net\/eu\/wp-json\/wp\/v2\/autores"}],"about":[{"href":"https:\/\/www.alberdania.net\/eu\/wp-json\/wp\/v2\/types\/autores"}],"wp:attachment":[{"href":"https:\/\/www.alberdania.net\/eu\/wp-json\/wp\/v2\/media?parent=7364"}],"wp:term":[{"taxonomy":"Tipo","embeddable":true,"href":"https:\/\/www.alberdania.net\/eu\/wp-json\/wp\/v2\/Tipo?post=7364"}],"curies":[{"name":"wp","href":"https:\/\/api.w.org\/{rel}","templated":true}]}}

Núria Bendicho

<p>NÚRIA BENDICHO GIRÓ (Bartzelona, 1995). Filosofian lizentziaduna da eta grekoko eta latineko irakaslea akademia batean. William Faulknerren irakurle amorratua eta mireslea, mundu erdian zehar bidaiatu du eta Danimarkan izeiak mozten lan egin du. 2020an bere lehen eleberria, Terres mortes, Llibres Anagrama sarirako aurkeztu zuen, eta irabazi ez bazuen ere, epaimahaiak argitaratzea gomendatu zuen. La Vanguardiak 2021ean katalanez idatzitako eleberririk onena bezala kontsideratua, Núria Bendichoren debuta Llibreter, Omnium eta Finestres sarietarako finalisten artean egon zen.</p>

<p>NÚRIA BENDICHO GIRÓ (Bartzelona, 1995). Filosofian lizentziaduna da eta grekoko eta latineko irakaslea akademia batean. William Faulknerren irakurle amorratua eta mireslea, mundu erdian zehar bidaiatu du eta Danimarkan izeiak mozten lan egin du. 2020an bere lehen eleberria, Terres mortes, Llibres Anagrama sarirako aurkeztu zuen, eta irabazi ez bazuen ere, epaimahaiak argitaratzea gomendatu zuen. La Vanguardiak 2021ean katalanez idatzitako eleberririk onena bezala kontsideratua, Núria Bendichoren debuta Llibreter, Omnium eta Finestres sarietarako finalisten artean egon zen.<br /><br />
<br /><br />
</p>
