{"id":7902,"date":"2026-04-09T00:43:46","date_gmt":"2026-04-08T22:43:46","guid":{"rendered":"https:\/\/www.alberdania.net\/autores\/paco-sagarzazu\/"},"modified":"2026-04-21T00:43:48","modified_gmt":"2026-04-20T22:43:48","slug":"paco-sagarzazu","status":"publish","type":"autores","link":"https:\/\/www.alberdania.net\/eu\/autores\/paco-sagarzazu\/","title":{"rendered":"Paco Sagarzazu"},"content":{"rendered":"<p>\nPaco Sagarzazu (San Sebasti\u00e1n, 1940). Actor y dramaturgo de extensa y vers\u00e1til trayectoria, ha desarrollado una s\u00f3lida carrera en teatro, cine y televisi\u00f3n, convirti\u00e9ndose en una de las figuras m\u00e1s reconocibles de la escena vasca. En 2023 recibi\u00f3 el Premio Zinemira del Festival de San Sebasti\u00e1n en reconocimiento a toda su trayectoria art\u00edstica.<br \/>\nInici\u00f3 su camino en el \u00e1mbito teatral y literario, donde comenz\u00f3 a perfilar una voz propia. Su obra Balantzatxoa fue llevada al cine en uno de los primeros largometrajes infantiles rodados en euskera, y obtuvo el Premio Ciudad de Irun con la novela Para no s\u00e9 qui\u00e9n. Ha cultivado la escritura dram\u00e1tica y narrativa en paralelo a su labor interpretativa, integrando palabra y escena en un mismo compromiso creativo.<br \/>\nHa compaginado su trabajo como actor con la literatura y la radio, manteniendo siempre un firme v\u00ednculo con la cultura vasca y participando activamente en encuentros y proyectos de difusi\u00f3n cultural.<\/p>\n","protected":false},"featured_media":0,"template":"","Tipo":[94],"class_list":["post-7902","autores","type-autores","status-publish","hentry","Tipo-autor"],"acf":{"bio_eus":"<p><br \/>\r\nPaco Sagarzazu (San Sebasti\u00e1n, 1940). Actor y dramaturgo de extensa y vers\u00e1til trayectoria, ha desarrollado una s\u00f3lida carrera en teatro, cine y televisi\u00f3n, convirti\u00e9ndose en una de las figuras m\u00e1s reconocibles de la escena vasca. En 2023 recibi\u00f3 el Premio Zinemira del Festival de San Sebasti\u00e1n en reconocimiento a toda su trayectoria art\u00edstica.<br \/>\r\nInici\u00f3 su camino en el \u00e1mbito teatral y literario, donde comenz\u00f3 a perfilar una voz propia. Su obra Balantzatxoa fue llevada al cine en uno de los primeros largometrajes infantiles rodados en euskera, y obtuvo el Premio Ciudad de Irun con la novela Para no s\u00e9 qui\u00e9n. Ha cultivado la escritura dram\u00e1tica y narrativa en paralelo a su labor interpretativa, integrando palabra y escena en un mismo compromiso creativo.<br \/>\r\nHa compaginado su trabajo como actor con la literatura y la radio, manteniendo siempre un firme v\u00ednculo con la cultura vasca y participando activamente en encuentros y proyectos de difusi\u00f3n cultural.<br \/>\r\n<\/p>","id_gesedi":463},"_links":{"self":[{"href":"https:\/\/www.alberdania.net\/eu\/wp-json\/wp\/v2\/autores\/7902","targetHints":{"allow":["GET"]}}],"collection":[{"href":"https:\/\/www.alberdania.net\/eu\/wp-json\/wp\/v2\/autores"}],"about":[{"href":"https:\/\/www.alberdania.net\/eu\/wp-json\/wp\/v2\/types\/autores"}],"wp:attachment":[{"href":"https:\/\/www.alberdania.net\/eu\/wp-json\/wp\/v2\/media?parent=7902"}],"wp:term":[{"taxonomy":"Tipo","embeddable":true,"href":"https:\/\/www.alberdania.net\/eu\/wp-json\/wp\/v2\/Tipo?post=7902"}],"curies":[{"name":"wp","href":"https:\/\/api.w.org\/{rel}","templated":true}]}}

<p>
Paco Sagarzazu (San Sebastián, 1940). Actor y dramaturgo de extensa y versátil trayectoria, ha desarrollado una sólida carrera en teatro, cine y televisión, convirtiéndose en una de las figuras más reconocibles de la escena vasca. En 2023 recibió el Premio Zinemira del Festival de San Sebastián en reconocimiento a toda su trayectoria artística.<br />
Inició su camino en el ámbito teatral y literario, donde comenzó a perfilar una voz propia. Su obra Balantzatxoa fue llevada al cine en uno de los primeros largometrajes infantiles rodados en euskera, y obtuvo el Premio Ciudad de Irun con la novela Para no sé quién. Ha cultivado la escritura dramática y narrativa en paralelo a su labor interpretativa, integrando palabra y escena en un mismo compromiso creativo.<br />
Ha compaginado su trabajo como actor con la literatura y la radio, manteniendo siempre un firme vínculo con la cultura vasca y participando activamente en encuentros y proyectos de difusión cultural.</p>

<p><br />
Paco Sagarzazu (San Sebastián, 1940). Actor y dramaturgo de extensa y versátil trayectoria, ha desarrollado una sólida carrera en teatro, cine y televisión, convirtiéndose en una de las figuras más reconocibles de la escena vasca. En 2023 recibió el Premio Zinemira del Festival de San Sebastián en reconocimiento a toda su trayectoria artística.<br />
Inició su camino en el ámbito teatral y literario, donde comenzó a perfilar una voz propia. Su obra Balantzatxoa fue llevada al cine en uno de los primeros largometrajes infantiles rodados en euskera, y obtuvo el Premio Ciudad de Irun con la novela Para no sé quién. Ha cultivado la escritura dramática y narrativa en paralelo a su labor interpretativa, integrando palabra y escena en un mismo compromiso creativo.<br />
Ha compaginado su trabajo como actor con la literatura y la radio, manteniendo siempre un firme vínculo con la cultura vasca y participando activamente en encuentros y proyectos de difusión cultural.<br />
</p>
