{"id":7963,"date":"2026-04-21T00:43:50","date_gmt":"2026-04-20T22:43:50","guid":{"rendered":"https:\/\/www.alberdania.net\/autores\/ana-galdos-monfort\/"},"modified":"2026-04-21T00:43:50","modified_gmt":"2026-04-20T22:43:50","slug":"ana-galdos-monfort","status":"publish","type":"autores","link":"https:\/\/www.alberdania.net\/eu\/autores\/ana-galdos-monfort\/","title":{"rendered":"Ana Gald\u00f3s Monfort"},"content":{"rendered":"<p>Ana Gald\u00f3s Monfort es arque\u00f3loga e historiadora, especializada en las sociedades de los siglos XV, XVI y XVII. Combina su labor acad\u00e9mica en la Universidad del Pa\u00eds Vasco con la escritura de ensayos y art\u00edculos de divulgaci\u00f3n hist\u00f3rica. A partir de los documentos de archivo, busca narrar historias que acerquen la vida cotidiana del pasado y dar voz a quienes apenas la tuvieron en su tiempo.<\/p>\n","protected":false},"featured_media":0,"template":"","Tipo":[94],"class_list":["post-7963","autores","type-autores","status-publish","hentry","Tipo-autor"],"acf":{"bio_eus":"<p>Ana Gald\u00f3s Monfort arkeologoa eta historiala da, eta XV., XVI. eta XVII. mendeetako gizartean espezializatua dago. Euskal Herriko Unibertsitateko lan akademikoa eta dibulgazio historikoko saiaketa eta artikuluen idazketa uztartzen ditu. Artxiboko agirietatik abiatuta, iraganeko eguneroko bizitza gurera ekartzeko istorioak idazten saiatzen da, ahotsa emateko beren garaian ahotsik izan ez zutenei.<\/p>","id_gesedi":464},"_links":{"self":[{"href":"https:\/\/www.alberdania.net\/eu\/wp-json\/wp\/v2\/autores\/7963","targetHints":{"allow":["GET"]}}],"collection":[{"href":"https:\/\/www.alberdania.net\/eu\/wp-json\/wp\/v2\/autores"}],"about":[{"href":"https:\/\/www.alberdania.net\/eu\/wp-json\/wp\/v2\/types\/autores"}],"wp:attachment":[{"href":"https:\/\/www.alberdania.net\/eu\/wp-json\/wp\/v2\/media?parent=7963"}],"wp:term":[{"taxonomy":"Tipo","embeddable":true,"href":"https:\/\/www.alberdania.net\/eu\/wp-json\/wp\/v2\/Tipo?post=7963"}],"curies":[{"name":"wp","href":"https:\/\/api.w.org\/{rel}","templated":true}]}}

Ana Galdós Monfort

<p>Ana Galdós Monfort es arqueóloga e historiadora, especializada en las sociedades de los siglos XV, XVI y XVII. Combina su labor académica en la Universidad del País Vasco con la escritura de ensayos y artículos de divulgación histórica. A partir de los documentos de archivo, busca narrar historias que acerquen la vida cotidiana del pasado y dar voz a quienes apenas la tuvieron en su tiempo.</p>

<p>Ana Galdós Monfort arkeologoa eta historiala da, eta XV., XVI. eta XVII. mendeetako gizartean espezializatua dago. Euskal Herriko Unibertsitateko lan akademikoa eta dibulgazio historikoko saiaketa eta artikuluen idazketa uztartzen ditu. Artxiboko agirietatik abiatuta, iraganeko eguneroko bizitza gurera ekartzeko istorioak idazten saiatzen da, ahotsa emateko beren garaian ahotsik izan ez zutenei.</p>
