{"id":2402,"date":"2023-10-17T12:51:27","date_gmt":"2023-10-17T12:51:27","guid":{"rendered":"https:\/\/berria.alberdania.net\/product\/los-trapos-sucios\/"},"modified":"2026-04-21T00:51:53","modified_gmt":"2026-04-20T22:51:53","slug":"los-trapos-sucios","status":"publish","type":"product","link":"https:\/\/www.alberdania.net\/eu\/product\/los-trapos-sucios\/","title":{"rendered":"Los trapos sucios"},"content":{"rendered":"","protected":false},"excerpt":{"rendered":"<p>En el arranque de la novela, el narrador confiesa a su padre que, veinte a\u00f1os atr\u00e1s, en las postrimer\u00edas del franquismo, alguien le pidi\u00f3 que trasladase en su coche a unos activistas de ETA. Comienza as\u00ed un proceso de reconstrucci\u00f3n de las cosas que nunca se dijeron entre padre e hijo, las razones de sus desavenencias, lo que sus silencios pudieron ocultar. El hijo tiene un doble motivo para afrontar tal ejercicio de memoria: los m\u00e9dicos acaban de diagnosticar a su padre una enfermedad mental degenerativa, y este acaba de recibir una carta exigi\u00e9ndole el pago del impuesto revolucionario.<\/p>\n<p>\tPero el padre ha comenzado ya a habitar ese territorio extra\u00f1o en el que tiempo y espacio son paulatinamente conquistados por las huestes del reino del olvido. Y en cuanto al mundo de la violencia, pronto comprueba que, para alejarse de \u00e9l, desear hacerlo puede no ser suficiente.<\/p>\n<p>\tEl narrador va hilvanando as\u00ed el recuerdo siempre imperfecto de los hechos y de los silencios que han marcado la vida entre padre e hijo, su desarrollo en la memoria y, sobre todo, su incidencia moral en el presente y en la relaci\u00f3n entre ellos.<\/p>\n<p>\tLa novela, a trav\u00e9s de la confesi\u00f3n que el narrador hace a su padre, recorre unos a\u00f1os cruciales de nuestra historia, desde la agon\u00eda de la dictadura a los primeros 90 del siglo pasado, una \u00e9poca que a\u00fan nos interroga a todos \u0096y nos interrogar\u00e1 a\u00fan largamente\u0096 sobre nuestras opciones en determinados \u00e1mbitos de nuestra vida, muy especialmente en el de las elecciones morales.<\/p>\n","protected":false},"featured_media":5140,"template":"","meta":{"_acf_changed":false,"inline_featured_image":false},"product_brand":[],"product_cat":[15],"product_tag":[],"tax-colections":[59,128],"tax-langs":[83],"tax-encuadernacion":[105],"tax-availability":[97],"class_list":{"0":"post-2402","1":"product","2":"type-product","3":"status-publish","4":"has-post-thumbnail","6":"product_cat-sin-categoria","7":"pa_tipo-de-libro-papel","8":"pa_tipo-de-libro-ebook","9":"tax-colections-literatura-para-adultos","10":"tax-colections-astiro","11":"tax-langs-castellano","12":"tax-encuadernacion-bolsillo-tapa-blanda","13":"tax-availability-disponible","15":"first","16":"instock","17":"shipping-taxable","18":"purchasable","19":"product-type-variable"},"acf":{"id_gesedi":12,"book_subtitle":"","book_author":79,"book_translator":311,"book_illustrator":"","book_publish_date_book":"2011-05-12","book_publish_date_ebook":"2011-05-12","book_publish_date_audiobook":null,"book_collection_number":0,"book_pages":0,"book_file":"","book_img":"","books_related":null},"_links":{"self":[{"href":"https:\/\/www.alberdania.net\/eu\/wp-json\/wp\/v2\/product\/2402","targetHints":{"allow":["GET"]}}],"collection":[{"href":"https:\/\/www.alberdania.net\/eu\/wp-json\/wp\/v2\/product"}],"about":[{"href":"https:\/\/www.alberdania.net\/eu\/wp-json\/wp\/v2\/types\/product"}],"wp:featuredmedia":[{"embeddable":true,"href":"https:\/\/www.alberdania.net\/eu\/wp-json\/wp\/v2\/media\/5140"}],"wp:attachment":[{"href":"https:\/\/www.alberdania.net\/eu\/wp-json\/wp\/v2\/media?parent=2402"}],"wp:term":[{"taxonomy":"product_brand","embeddable":true,"href":"https:\/\/www.alberdania.net\/eu\/wp-json\/wp\/v2\/product_brand?post=2402"},{"taxonomy":"product_cat","embeddable":true,"href":"https:\/\/www.alberdania.net\/eu\/wp-json\/wp\/v2\/product_cat?post=2402"},{"taxonomy":"product_tag","embeddable":true,"href":"https:\/\/www.alberdania.net\/eu\/wp-json\/wp\/v2\/product_tag?post=2402"},{"taxonomy":"tax-colections","embeddable":true,"href":"https:\/\/www.alberdania.net\/eu\/wp-json\/wp\/v2\/tax-colections?post=2402"},{"taxonomy":"tax-langs","embeddable":true,"href":"https:\/\/www.alberdania.net\/eu\/wp-json\/wp\/v2\/tax-langs?post=2402"},{"taxonomy":"tax-encuadernacion","embeddable":true,"href":"https:\/\/www.alberdania.net\/eu\/wp-json\/wp\/v2\/tax-encuadernacion?post=2402"},{"taxonomy":"tax-availability","embeddable":true,"href":"https:\/\/www.alberdania.net\/eu\/wp-json\/wp\/v2\/tax-availability?post=2402"}],"curies":[{"name":"wp","href":"https:\/\/api.w.org\/{rel}","templated":true}]}}

<p>En el arranque de la novela, el narrador confiesa a su padre que, veinte años atrás, en las postrimerías del franquismo, alguien le pidió que trasladase en su coche a unos activistas de ETA. Comienza así un proceso de reconstrucción de las cosas que nunca se dijeron entre padre e hijo, las razones de sus desavenencias, lo que sus silencios pudieron ocultar. El hijo tiene un doble motivo para afrontar tal ejercicio de memoria: los médicos acaban de diagnosticar a su padre una enfermedad mental degenerativa, y este acaba de recibir una carta exigiéndole el pago del impuesto revolucionario.</p>
<p>	Pero el padre ha comenzado ya a habitar ese territorio extraño en el que tiempo y espacio son paulatinamente conquistados por las huestes del reino del olvido. Y en cuanto al mundo de la violencia, pronto comprueba que, para alejarse de él, desear hacerlo puede no ser suficiente.</p>
<p>	El narrador va hilvanando así el recuerdo siempre imperfecto de los hechos y de los silencios que han marcado la vida entre padre e hijo, su desarrollo en la memoria y, sobre todo, su incidencia moral en el presente y en la relación entre ellos.</p>
<p>	La novela, a través de la confesión que el narrador hace a su padre, recorre unos años cruciales de nuestra historia, desde la agonía de la dictadura a los primeros 90 del siglo pasado, una época que aún nos interroga a todos y nos interrogará aún largamente sobre nuestras opciones en determinados ámbitos de nuestra vida, muy especialmente en el de las elecciones morales.</p>
