{"id":2735,"date":"2023-10-17T13:09:15","date_gmt":"2023-10-17T13:09:15","guid":{"rendered":"https:\/\/berria.alberdania.net\/product\/el-profeta-pragmatico\/"},"modified":"2026-04-21T01:25:28","modified_gmt":"2026-04-20T23:25:28","slug":"el-profeta-pragmatico","status":"publish","type":"product","link":"https:\/\/www.alberdania.net\/eu\/product\/el-profeta-pragmatico\/","title":{"rendered":"El profeta pragm\u00e1tico"},"content":{"rendered":"","protected":false},"excerpt":{"rendered":"<p>Jos\u00e9 Antonio Aguirre fue el pol\u00edtico vasco m\u00e1s popular, respetado e influyente del siglo XX, y, a la vez, uno de los grandes estadistas de la democracia espa\u00f1ola. \u0093Ese nombre, ese prestigio y esa autoridad no nos pertenecen ya por entero a los vascos\u0094, constat\u00f3 su correligionario y amigo Manuel Irujo. Sin embargo, la figura del primer lehendakari de los vascos ha sido marginada por los historiadores, hasta el punto de que, hoy por hoy, no existe una biograf\u00eda escrita con rigor sobre su actividad pol\u00edtica.<\/p>\n<p>\tEste libro pretende llenar en parte este vac\u00edo. Se trata de una biograf\u00eda cr\u00edtica que aborda la etapa menos conocida \u0096y tambi\u00e9n la m\u00e1s pol\u00e9mica\u0096 de la vida pol\u00edtica de Aguirre: la del exilio. Los resultados arrojan luz sobre temas hasta ahora poco o nada conocidos, y contribuyen as\u00ed a un conocimiento fiel y no mitificado de la persona de Aguirre. A lo largo de estas p\u00e1ginas, en las que no faltan las sorpresas, el lector recibir\u00e1 una bien fundada informaci\u00f3n acerca de diversos aspectos de la actividad y pensamiento pol\u00edticos del dirigente nacionalista en sus a\u00f1os de exilio: su fase radical y hegemonista; su relaci\u00f3n con el nacionalsocialismo alem\u00e1n; sus intentos de transacci\u00f3n con los mon\u00e1r-quicos; su buena relaci\u00f3n y cooperaci\u00f3n con su m\u00e1ximo contrincante pol\u00edtico, el socialista vasco Indalecio Prieto; su centralidad en la pol\u00edtica espa\u00f1ola del exilio; sus conflictos con el exilio catalanista y galleguista; sus relaciones de preferencia con el Departamento de Estado estadounidense; o su replanteamiento del concepto de soberan\u00eda en el marco de la naciente Europa unida.<\/p>\n<p>\tHoy m\u00e1s que nunca conviene fijarse en pol\u00edticos como Jos\u00e9 Antonio Aguirre. Para sus seguidores, protagoniz\u00f3 el papel del profeta que conoc\u00eda el camino hacia la justicia y la libertad. No obstante, su flexibilidad y su olfato para el arte de lo posible en cada momento lo protegieron de la tentaci\u00f3n del fundamentalismo, fruto de la sacralizaci\u00f3n de los principios. Nunca fue profeta a secas, nunca se dej\u00f3 guiar en exclusiva por la \u00e9tica de la convicci\u00f3n. Pero su biograf\u00eda tampoco coincide con el prototipo de un pol\u00edtico pragm\u00e1tico y realista que, inspirado por una fr\u00eda \u00e9tica de la responsabilidad, se olvida de sus principios, pacta con cualquiera y pierde el rumbo de su pol\u00edtica en el mare m\u00e1gnum de la gesti\u00f3n diaria y de su lucha por el poder. Aguirre, el profeta pragm\u00e1tico, vivi\u00f3 la tensi\u00f3n y las contradicciones, entre ambos polos, y de esta tensi\u00f3n nacieron sus grandes aciertos, pero tambi\u00e9n sus errores.<\/p>\n","protected":false},"featured_media":4877,"template":"","meta":{"_acf_changed":false,"inline_featured_image":false},"product_brand":[],"product_cat":[15],"product_tag":[],"tax-colections":[59,128],"tax-langs":[83],"tax-encuadernacion":[92],"tax-availability":[97],"class_list":{"0":"post-2735","1":"product","2":"type-product","3":"status-publish","4":"has-post-thumbnail","6":"product_cat-sin-categoria","7":"pa_tipo-de-libro-ebook","8":"pa_tipo-de-libro-papel","9":"tax-colections-literatura-para-adultos","10":"tax-colections-astiro","11":"tax-langs-castellano","12":"tax-encuadernacion-tapa-blanda","13":"tax-availability-disponible","15":"first","16":"instock","17":"shipping-taxable","18":"purchasable","19":"product-type-variable"},"acf":{"id_gesedi":171,"book_subtitle":"Aguirre, el primer lehendakari (1939-1960)","book_author":72,"book_translator":"","book_illustrator":"","book_publish_date_book":"2006-09-15","book_publish_date_ebook":"2006-09-15","book_publish_date_audiobook":null,"book_collection_number":33,"book_pages":0,"book_file":"","book_img":"","books_related":null},"_links":{"self":[{"href":"https:\/\/www.alberdania.net\/eu\/wp-json\/wp\/v2\/product\/2735","targetHints":{"allow":["GET"]}}],"collection":[{"href":"https:\/\/www.alberdania.net\/eu\/wp-json\/wp\/v2\/product"}],"about":[{"href":"https:\/\/www.alberdania.net\/eu\/wp-json\/wp\/v2\/types\/product"}],"wp:featuredmedia":[{"embeddable":true,"href":"https:\/\/www.alberdania.net\/eu\/wp-json\/wp\/v2\/media\/4877"}],"wp:attachment":[{"href":"https:\/\/www.alberdania.net\/eu\/wp-json\/wp\/v2\/media?parent=2735"}],"wp:term":[{"taxonomy":"product_brand","embeddable":true,"href":"https:\/\/www.alberdania.net\/eu\/wp-json\/wp\/v2\/product_brand?post=2735"},{"taxonomy":"product_cat","embeddable":true,"href":"https:\/\/www.alberdania.net\/eu\/wp-json\/wp\/v2\/product_cat?post=2735"},{"taxonomy":"product_tag","embeddable":true,"href":"https:\/\/www.alberdania.net\/eu\/wp-json\/wp\/v2\/product_tag?post=2735"},{"taxonomy":"tax-colections","embeddable":true,"href":"https:\/\/www.alberdania.net\/eu\/wp-json\/wp\/v2\/tax-colections?post=2735"},{"taxonomy":"tax-langs","embeddable":true,"href":"https:\/\/www.alberdania.net\/eu\/wp-json\/wp\/v2\/tax-langs?post=2735"},{"taxonomy":"tax-encuadernacion","embeddable":true,"href":"https:\/\/www.alberdania.net\/eu\/wp-json\/wp\/v2\/tax-encuadernacion?post=2735"},{"taxonomy":"tax-availability","embeddable":true,"href":"https:\/\/www.alberdania.net\/eu\/wp-json\/wp\/v2\/tax-availability?post=2735"}],"curies":[{"name":"wp","href":"https:\/\/api.w.org\/{rel}","templated":true}]}}

El profeta pragmático

<p>José Antonio Aguirre fue el político vasco más popular, respetado e influyente del siglo XX, y, a la vez, uno de los grandes estadistas de la democracia española. Ese nombre, ese prestigio y esa autoridad no nos pertenecen ya por entero a los vascos, constató su correligionario y amigo Manuel Irujo. Sin embargo, la figura del primer lehendakari de los vascos ha sido marginada por los historiadores, hasta el punto de que, hoy por hoy, no existe una biografía escrita con rigor sobre su actividad política.</p>
<p>	Este libro pretende llenar en parte este vacío. Se trata de una biografía crítica que aborda la etapa menos conocida y también la más polémica de la vida política de Aguirre: la del exilio. Los resultados arrojan luz sobre temas hasta ahora poco o nada conocidos, y contribuyen así a un conocimiento fiel y no mitificado de la persona de Aguirre. A lo largo de estas páginas, en las que no faltan las sorpresas, el lector recibirá una bien fundada información acerca de diversos aspectos de la actividad y pensamiento políticos del dirigente nacionalista en sus años de exilio: su fase radical y hegemonista; su relación con el nacionalsocialismo alemán; sus intentos de transacción con los monár-quicos; su buena relación y cooperación con su máximo contrincante político, el socialista vasco Indalecio Prieto; su centralidad en la política española del exilio; sus conflictos con el exilio catalanista y galleguista; sus relaciones de preferencia con el Departamento de Estado estadounidense; o su replanteamiento del concepto de soberanía en el marco de la naciente Europa unida.</p>
<p>	Hoy más que nunca conviene fijarse en políticos como José Antonio Aguirre. Para sus seguidores, protagonizó el papel del profeta que conocía el camino hacia la justicia y la libertad. No obstante, su flexibilidad y su olfato para el arte de lo posible en cada momento lo protegieron de la tentación del fundamentalismo, fruto de la sacralización de los principios. Nunca fue profeta a secas, nunca se dejó guiar en exclusiva por la ética de la convicción. Pero su biografía tampoco coincide con el prototipo de un político pragmático y realista que, inspirado por una fría ética de la responsabilidad, se olvida de sus principios, pacta con cualquiera y pierde el rumbo de su política en el mare mágnum de la gestión diaria y de su lucha por el poder. Aguirre, el profeta pragmático, vivió la tensión y las contradicciones, entre ambos polos, y de esta tensión nacieron sus grandes aciertos, pero también sus errores.</p>
