{"id":2775,"date":"2023-10-17T13:11:22","date_gmt":"2023-10-17T13:11:22","guid":{"rendered":"https:\/\/berria.alberdania.net\/product\/felicidad-perfecta\/"},"modified":"2026-04-21T01:27:24","modified_gmt":"2026-04-20T23:27:24","slug":"felicidad-perfecta","status":"publish","type":"product","link":"https:\/\/www.alberdania.net\/eu\/product\/felicidad-perfecta\/","title":{"rendered":"Felicidad perfecta"},"content":{"rendered":"","protected":false},"excerpt":{"rendered":"<p>El resquebrajamiento de los sistemas absolutos y normativos ha llevado al ser humano a una situaci\u00f3n de desamparo en la que s\u00f3lo puede contar con su conciencia. Obligado a optar a cada paso, a decidir continuamente, se siente afligido e indeciso. Pero, al mismo tiempo, es tambi\u00e9n m\u00e1s libre. Vivimos en la era del predominio de la conciencia; en efecto, \u0093sin la conciencia, no ser\u00edamos sino animales, poseedores de cierta suerte de felicidad perfecta\u0094, como dir\u00eda uno de los personajes de la novela.<\/p>\n<p>\tFelicidad perfecta, novela moral inscrita en la tradici\u00f3n de Camus, Sciascia o D\u00fcrrenmatt, es obra de un escritor que, convencido de que \u00e9tica y est\u00e9tica son el haz y el env\u00e9s de una \u00fanica moneda, desear\u00eda que ambas jam\u00e1s se distanciaran entre s\u00ed.<\/p>\n","protected":false},"featured_media":4839,"template":"","meta":{"_acf_changed":false,"inline_featured_image":false},"product_brand":[],"product_cat":[15],"product_tag":[],"tax-colections":[59,126],"tax-langs":[83],"tax-encuadernacion":[105],"tax-availability":[97],"class_list":{"0":"post-2775","1":"product","2":"type-product","3":"status-publish","4":"has-post-thumbnail","6":"product_cat-sin-categoria","7":"pa_tipo-de-libro-papel","8":"pa_tipo-de-libro-ebook","9":"tax-colections-literatura-para-adultos","10":"tax-colections-alga","11":"tax-langs-castellano","12":"tax-encuadernacion-bolsillo-tapa-blanda","13":"tax-availability-disponible","15":"first","16":"instock","17":"shipping-taxable","18":"purchasable","19":"product-type-variable"},"acf":{"id_gesedi":194,"book_subtitle":"","book_author":79,"book_translator":311,"book_illustrator":"","book_publish_date_book":"2006-09-11","book_publish_date_ebook":"2006-09-11","book_publish_date_audiobook":null,"book_collection_number":34,"book_pages":0,"book_file":"","book_img":"","books_related":null},"_links":{"self":[{"href":"https:\/\/www.alberdania.net\/eu\/wp-json\/wp\/v2\/product\/2775","targetHints":{"allow":["GET"]}}],"collection":[{"href":"https:\/\/www.alberdania.net\/eu\/wp-json\/wp\/v2\/product"}],"about":[{"href":"https:\/\/www.alberdania.net\/eu\/wp-json\/wp\/v2\/types\/product"}],"wp:featuredmedia":[{"embeddable":true,"href":"https:\/\/www.alberdania.net\/eu\/wp-json\/wp\/v2\/media\/4839"}],"wp:attachment":[{"href":"https:\/\/www.alberdania.net\/eu\/wp-json\/wp\/v2\/media?parent=2775"}],"wp:term":[{"taxonomy":"product_brand","embeddable":true,"href":"https:\/\/www.alberdania.net\/eu\/wp-json\/wp\/v2\/product_brand?post=2775"},{"taxonomy":"product_cat","embeddable":true,"href":"https:\/\/www.alberdania.net\/eu\/wp-json\/wp\/v2\/product_cat?post=2775"},{"taxonomy":"product_tag","embeddable":true,"href":"https:\/\/www.alberdania.net\/eu\/wp-json\/wp\/v2\/product_tag?post=2775"},{"taxonomy":"tax-colections","embeddable":true,"href":"https:\/\/www.alberdania.net\/eu\/wp-json\/wp\/v2\/tax-colections?post=2775"},{"taxonomy":"tax-langs","embeddable":true,"href":"https:\/\/www.alberdania.net\/eu\/wp-json\/wp\/v2\/tax-langs?post=2775"},{"taxonomy":"tax-encuadernacion","embeddable":true,"href":"https:\/\/www.alberdania.net\/eu\/wp-json\/wp\/v2\/tax-encuadernacion?post=2775"},{"taxonomy":"tax-availability","embeddable":true,"href":"https:\/\/www.alberdania.net\/eu\/wp-json\/wp\/v2\/tax-availability?post=2775"}],"curies":[{"name":"wp","href":"https:\/\/api.w.org\/{rel}","templated":true}]}}

<p>El resquebrajamiento de los sistemas absolutos y normativos ha llevado al ser humano a una situación de desamparo en la que sólo puede contar con su conciencia. Obligado a optar a cada paso, a decidir continuamente, se siente afligido e indeciso. Pero, al mismo tiempo, es también más libre. Vivimos en la era del predominio de la conciencia; en efecto, sin la conciencia, no seríamos sino animales, poseedores de cierta suerte de felicidad perfecta, como diría uno de los personajes de la novela.</p>
<p>	Felicidad perfecta, novela moral inscrita en la tradición de Camus, Sciascia o Dürrenmatt, es obra de un escritor que, convencido de que ética y estética son el haz y el envés de una única moneda, desearía que ambas jamás se distanciaran entre sí.</p>
