{"id":2828,"date":"2023-10-17T13:14:21","date_gmt":"2023-10-17T13:14:21","guid":{"rendered":"https:\/\/berria.alberdania.net\/product\/el-euskera-y-sus-dialectos\/"},"modified":"2026-04-21T01:35:47","modified_gmt":"2026-04-20T23:35:47","slug":"el-euskera-y-sus-dialectos","status":"publish","type":"product","link":"https:\/\/www.alberdania.net\/eu\/product\/el-euskera-y-sus-dialectos\/","title":{"rendered":"El euskera y sus dialectos"},"content":{"rendered":"","protected":false},"excerpt":{"rendered":"<p>El presente ensayo da a conocer algunos de los resultados alcanzados en la investigaci\u00f3n ling\u00fc\u00edstica a lo largo de estos \u00faltimos a\u00f1os, m\u00e1s concretamente en lo relacionado con los dialectos vascos.<\/p>\n","protected":false},"featured_media":4797,"template":"","meta":{"_acf_changed":false,"inline_featured_image":false},"product_brand":[],"product_cat":[15],"product_tag":[],"tax-colections":[59,126],"tax-langs":[83],"tax-encuadernacion":[105],"tax-availability":[97],"class_list":{"0":"post-2828","1":"product","2":"type-product","3":"status-publish","4":"has-post-thumbnail","6":"product_cat-sin-categoria","7":"pa_tipo-de-libro-ebook","8":"pa_tipo-de-libro-papel","9":"tax-colections-literatura-para-adultos","10":"tax-colections-alga","11":"tax-langs-castellano","12":"tax-encuadernacion-bolsillo-tapa-blanda","13":"tax-availability-disponible","15":"first","16":"instock","17":"shipping-taxable","18":"purchasable","19":"product-type-variable"},"acf":{"id_gesedi":225,"book_subtitle":"","book_author":49,"book_translator":"","book_illustrator":"","book_publish_date_book":"2010-05-27","book_publish_date_ebook":"2010-05-27","book_publish_date_audiobook":null,"book_collection_number":58,"book_pages":0,"book_file":"","book_img":"","books_related":null},"_links":{"self":[{"href":"https:\/\/www.alberdania.net\/eu\/wp-json\/wp\/v2\/product\/2828","targetHints":{"allow":["GET"]}}],"collection":[{"href":"https:\/\/www.alberdania.net\/eu\/wp-json\/wp\/v2\/product"}],"about":[{"href":"https:\/\/www.alberdania.net\/eu\/wp-json\/wp\/v2\/types\/product"}],"wp:featuredmedia":[{"embeddable":true,"href":"https:\/\/www.alberdania.net\/eu\/wp-json\/wp\/v2\/media\/4797"}],"wp:attachment":[{"href":"https:\/\/www.alberdania.net\/eu\/wp-json\/wp\/v2\/media?parent=2828"}],"wp:term":[{"taxonomy":"product_brand","embeddable":true,"href":"https:\/\/www.alberdania.net\/eu\/wp-json\/wp\/v2\/product_brand?post=2828"},{"taxonomy":"product_cat","embeddable":true,"href":"https:\/\/www.alberdania.net\/eu\/wp-json\/wp\/v2\/product_cat?post=2828"},{"taxonomy":"product_tag","embeddable":true,"href":"https:\/\/www.alberdania.net\/eu\/wp-json\/wp\/v2\/product_tag?post=2828"},{"taxonomy":"tax-colections","embeddable":true,"href":"https:\/\/www.alberdania.net\/eu\/wp-json\/wp\/v2\/tax-colections?post=2828"},{"taxonomy":"tax-langs","embeddable":true,"href":"https:\/\/www.alberdania.net\/eu\/wp-json\/wp\/v2\/tax-langs?post=2828"},{"taxonomy":"tax-encuadernacion","embeddable":true,"href":"https:\/\/www.alberdania.net\/eu\/wp-json\/wp\/v2\/tax-encuadernacion?post=2828"},{"taxonomy":"tax-availability","embeddable":true,"href":"https:\/\/www.alberdania.net\/eu\/wp-json\/wp\/v2\/tax-availability?post=2828"}],"curies":[{"name":"wp","href":"https:\/\/api.w.org\/{rel}","templated":true}]}}

<p>El presente ensayo da a conocer algunos de los resultados alcanzados en la investigación lingüística a lo largo de estos últimos años, más concretamente en lo relacionado con los dialectos vascos.</p>
