{"id":2968,"date":"2023-10-17T13:31:06","date_gmt":"2023-10-17T13:31:06","guid":{"rendered":"https:\/\/berria.alberdania.net\/product\/la-patria-del-gol\/"},"modified":"2026-04-21T02:00:50","modified_gmt":"2026-04-21T00:00:50","slug":"la-patria-del-gol","status":"publish","type":"product","link":"https:\/\/www.alberdania.net\/eu\/product\/la-patria-del-gol\/","title":{"rendered":"La patria del gol"},"content":{"rendered":"","protected":false},"excerpt":{"rendered":"<p>En Espa\u00f1a, el f\u00fatbol es cuesti\u00f3n de Estado, alta pol\u00edtica mezclada con las bajas pasiones del gol. Siempre ha sido as\u00ed, desde el nacimiento de los primeros clubes en Bilbao, Barcelona y Madrid. Para los nacionalismos vasco, catal\u00e1n y espa\u00f1ol, el f\u00fatbol es un gran altavoz que sacude los sentimientos de pertenencia. En los \u00faltimos cien a\u00f1os, el debate identitario se ha trasladado de los m\u00edtines a los estadios. Durante el franquismo, el Real Madrid fue el guardi\u00e1n de las esencias patrias \u0096hoy otros equipos espa\u00f1oles han asumido tambi\u00e9n ese papel\u0096 y el Bar\u00e7a se ha consolidado como s\u00edmbolo del catalanismo. En Euskadi, el  PNV y la izquierda abertzale descubrieron la potencialidades pol\u00edticas del bal\u00f3n. Hoy, la autodeterminaci\u00f3n futbol\u00edstica es compa\u00f1era de la reivindicaci\u00f3n del derecho a decidir. Adem\u00e1s, suele olvidarse que, en el Estado, la primera selecci\u00f3n en crearse fue la catalana, que la Liga naci\u00f3 de una propuesta vasca o que Espa\u00f1a se apropi\u00f3 del mito de la \u0093furia\u0094 del Athl\u00e9tic de Bilbao. Pol\u00edticos y futbolistas desfilan por estas p\u00e1ginas cargadas de goles, sorpresas y de selecciones prohibidas.<\/p>\n<p>\t\u00abEl f\u00fatbol es un arma pol\u00edtica de primer orden en todo el mundo. Tambi\u00e9n en Euskadi, en Catalu\u00f1a y en Espa\u00f1a. Nadie es inocente. Todos llevamos<br \/>\n\tuna camiseta con nuestros colores del alma adherida a la piel\u00bb.<\/p>\n","protected":false},"featured_media":4633,"template":"","meta":{"_acf_changed":false,"inline_featured_image":false},"product_brand":[],"product_cat":[15],"product_tag":[],"tax-colections":[59,128],"tax-langs":[83],"tax-encuadernacion":[105],"tax-availability":[97],"class_list":{"0":"post-2968","1":"product","2":"type-product","3":"status-publish","4":"has-post-thumbnail","6":"product_cat-sin-categoria","7":"pa_tipo-de-libro-papel","8":"tax-colections-literatura-para-adultos","9":"tax-colections-astiro","10":"tax-langs-castellano","11":"tax-encuadernacion-bolsillo-tapa-blanda","12":"tax-availability-disponible","14":"first","15":"instock","16":"shipping-taxable","17":"purchasable","18":"product-type-variable"},"acf":{"id_gesedi":359,"book_subtitle":"f\u00fatbol y pol\u00edtica en el Estado espa\u00f1ol","book_author":27,"book_translator":"","book_illustrator":"","book_publish_date_book":"2007-11-01","book_publish_date_ebook":null,"book_publish_date_audiobook":null,"book_collection_number":4,"book_pages":240,"book_file":"","book_img":"","books_related":null},"_links":{"self":[{"href":"https:\/\/www.alberdania.net\/eu\/wp-json\/wp\/v2\/product\/2968","targetHints":{"allow":["GET"]}}],"collection":[{"href":"https:\/\/www.alberdania.net\/eu\/wp-json\/wp\/v2\/product"}],"about":[{"href":"https:\/\/www.alberdania.net\/eu\/wp-json\/wp\/v2\/types\/product"}],"wp:featuredmedia":[{"embeddable":true,"href":"https:\/\/www.alberdania.net\/eu\/wp-json\/wp\/v2\/media\/4633"}],"wp:attachment":[{"href":"https:\/\/www.alberdania.net\/eu\/wp-json\/wp\/v2\/media?parent=2968"}],"wp:term":[{"taxonomy":"product_brand","embeddable":true,"href":"https:\/\/www.alberdania.net\/eu\/wp-json\/wp\/v2\/product_brand?post=2968"},{"taxonomy":"product_cat","embeddable":true,"href":"https:\/\/www.alberdania.net\/eu\/wp-json\/wp\/v2\/product_cat?post=2968"},{"taxonomy":"product_tag","embeddable":true,"href":"https:\/\/www.alberdania.net\/eu\/wp-json\/wp\/v2\/product_tag?post=2968"},{"taxonomy":"tax-colections","embeddable":true,"href":"https:\/\/www.alberdania.net\/eu\/wp-json\/wp\/v2\/tax-colections?post=2968"},{"taxonomy":"tax-langs","embeddable":true,"href":"https:\/\/www.alberdania.net\/eu\/wp-json\/wp\/v2\/tax-langs?post=2968"},{"taxonomy":"tax-encuadernacion","embeddable":true,"href":"https:\/\/www.alberdania.net\/eu\/wp-json\/wp\/v2\/tax-encuadernacion?post=2968"},{"taxonomy":"tax-availability","embeddable":true,"href":"https:\/\/www.alberdania.net\/eu\/wp-json\/wp\/v2\/tax-availability?post=2968"}],"curies":[{"name":"wp","href":"https:\/\/api.w.org\/{rel}","templated":true}]}}

<p>En España, el fútbol es cuestión de Estado, alta política mezclada con las bajas pasiones del gol. Siempre ha sido así, desde el nacimiento de los primeros clubes en Bilbao, Barcelona y Madrid. Para los nacionalismos vasco, catalán y español, el fútbol es un gran altavoz que sacude los sentimientos de pertenencia. En los últimos cien años, el debate identitario se ha trasladado de los mítines a los estadios. Durante el franquismo, el Real Madrid fue el guardián de las esencias patrias hoy otros equipos españoles han asumido también ese papel y el Barça se ha consolidado como símbolo del catalanismo. En Euskadi, el  PNV y la izquierda abertzale descubrieron la potencialidades políticas del balón. Hoy, la autodeterminación futbolística es compañera de la reivindicación del derecho a decidir. Además, suele olvidarse que, en el Estado, la primera selección en crearse fue la catalana, que la Liga nació de una propuesta vasca o que España se apropió del mito de la furia del Athlétic de Bilbao. Políticos y futbolistas desfilan por estas páginas cargadas de goles, sorpresas y de selecciones prohibidas.</p>
<p>	«El fútbol es un arma política de primer orden en todo el mundo. También en Euskadi, en Cataluña y en España. Nadie es inocente. Todos llevamos<br />
	una camiseta con nuestros colores del alma adherida a la piel».</p>

fútbol y política en el Estado español
