{"id":3042,"date":"2023-10-17T13:35:18","date_gmt":"2023-10-17T13:35:18","guid":{"rendered":"https:\/\/berria.alberdania.net\/product\/la-alegria-de-la-tragedia\/"},"modified":"2026-04-21T02:07:25","modified_gmt":"2026-04-21T00:07:25","slug":"la-alegria-de-la-tragedia","status":"publish","type":"product","link":"https:\/\/www.alberdania.net\/eu\/product\/la-alegria-de-la-tragedia\/","title":{"rendered":"La alegr\u00eda de la tragedia"},"content":{"rendered":"","protected":false},"excerpt":{"rendered":"<p>Bashevis Singer afirmaba que la vestimenta posee una extra\u00f1a fuerza. En esta novela, la vestimenta adquiere tambi\u00e9n una fuerza especial, pero en ella no se habla \u00fanicamente de ropa, sino, y sobre todo, de la vida. \u00bfSomos nosotros quienes realmente empu\u00f1amos las riendas nuestra existencia? La pregunta est\u00e1 incrustada en la propia ra\u00edz de la cultura occidental, y se cuentan por miles las obras literarias que han tratado de formularla y responderla. Esta novela la plantea de nuevo, pero desde la perspectiva del peculiar \u0093aqu\u00ed y ahora\u0094 de los personajes. La respuesta, si es que existe, corre, por supuesto, a cargo de cada cual.<br \/>\n\tPor una parte, Terese sigue un curso sobre la tragedia, y, por otra, vive a cada momento la tragedia de la muerte anunciada de su padre. Terese y Tragedia, dos palabras que comienzan por \u0093t\u0094. El profesor Barrutia, miembro del Foro de Ermua, imparte el curso acerca de la tragedia que sigue Terese. Entre alumna y profesor surgir\u00e1 una relaci\u00f3n esperp\u00e9ntica. Un oscuro suceso vincula, adem\u00e1s, a Barrutia con el padre de Terese. Un hecho acaecido en la d\u00e9cada de los setenta, cuando ambos resid\u00edan en Hendaya, huidos de la polic\u00eda espa\u00f1ola.<\/p>\n","protected":false},"featured_media":4568,"template":"","meta":{"_acf_changed":false,"inline_featured_image":false},"product_brand":[],"product_cat":[15],"product_tag":[],"tax-colections":[59,128],"tax-langs":[83],"tax-encuadernacion":[105],"tax-availability":[97],"class_list":{"0":"post-3042","1":"product","2":"type-product","3":"status-publish","4":"has-post-thumbnail","6":"product_cat-sin-categoria","7":"pa_tipo-de-libro-papel","8":"pa_tipo-de-libro-ebook","9":"tax-colections-literatura-para-adultos","10":"tax-colections-astiro","11":"tax-langs-castellano","12":"tax-encuadernacion-bolsillo-tapa-blanda","13":"tax-availability-disponible","15":"first","16":"instock","17":"shipping-taxable","18":"purchasable","19":"product-type-variable"},"acf":{"id_gesedi":398,"book_subtitle":"","book_author":66,"book_translator":"","book_illustrator":"","book_publish_date_book":"2011-11-16","book_publish_date_ebook":"2011-10-16","book_publish_date_audiobook":null,"book_collection_number":39,"book_pages":0,"book_file":"","book_img":"","books_related":null},"_links":{"self":[{"href":"https:\/\/www.alberdania.net\/eu\/wp-json\/wp\/v2\/product\/3042","targetHints":{"allow":["GET"]}}],"collection":[{"href":"https:\/\/www.alberdania.net\/eu\/wp-json\/wp\/v2\/product"}],"about":[{"href":"https:\/\/www.alberdania.net\/eu\/wp-json\/wp\/v2\/types\/product"}],"wp:featuredmedia":[{"embeddable":true,"href":"https:\/\/www.alberdania.net\/eu\/wp-json\/wp\/v2\/media\/4568"}],"wp:attachment":[{"href":"https:\/\/www.alberdania.net\/eu\/wp-json\/wp\/v2\/media?parent=3042"}],"wp:term":[{"taxonomy":"product_brand","embeddable":true,"href":"https:\/\/www.alberdania.net\/eu\/wp-json\/wp\/v2\/product_brand?post=3042"},{"taxonomy":"product_cat","embeddable":true,"href":"https:\/\/www.alberdania.net\/eu\/wp-json\/wp\/v2\/product_cat?post=3042"},{"taxonomy":"product_tag","embeddable":true,"href":"https:\/\/www.alberdania.net\/eu\/wp-json\/wp\/v2\/product_tag?post=3042"},{"taxonomy":"tax-colections","embeddable":true,"href":"https:\/\/www.alberdania.net\/eu\/wp-json\/wp\/v2\/tax-colections?post=3042"},{"taxonomy":"tax-langs","embeddable":true,"href":"https:\/\/www.alberdania.net\/eu\/wp-json\/wp\/v2\/tax-langs?post=3042"},{"taxonomy":"tax-encuadernacion","embeddable":true,"href":"https:\/\/www.alberdania.net\/eu\/wp-json\/wp\/v2\/tax-encuadernacion?post=3042"},{"taxonomy":"tax-availability","embeddable":true,"href":"https:\/\/www.alberdania.net\/eu\/wp-json\/wp\/v2\/tax-availability?post=3042"}],"curies":[{"name":"wp","href":"https:\/\/api.w.org\/{rel}","templated":true}]}}

La alegría de la tragedia

<p>Bashevis Singer afirmaba que la vestimenta posee una extraña fuerza. En esta novela, la vestimenta adquiere también una fuerza especial, pero en ella no se habla únicamente de ropa, sino, y sobre todo, de la vida. ¿Somos nosotros quienes realmente empuñamos las riendas nuestra existencia? La pregunta está incrustada en la propia raíz de la cultura occidental, y se cuentan por miles las obras literarias que han tratado de formularla y responderla. Esta novela la plantea de nuevo, pero desde la perspectiva del peculiar aquí y ahora de los personajes. La respuesta, si es que existe, corre, por supuesto, a cargo de cada cual.<br />
	Por una parte, Terese sigue un curso sobre la tragedia, y, por otra, vive a cada momento la tragedia de la muerte anunciada de su padre. Terese y Tragedia, dos palabras que comienzan por t. El profesor Barrutia, miembro del Foro de Ermua, imparte el curso acerca de la tragedia que sigue Terese. Entre alumna y profesor surgirá una relación esperpéntica. Un oscuro suceso vincula, además, a Barrutia con el padre de Terese. Un hecho acaecido en la década de los setenta, cuando ambos residían en Hendaya, huidos de la policía española.</p>
