{"id":3115,"date":"2023-10-17T13:40:56","date_gmt":"2023-10-17T13:40:56","guid":{"rendered":"https:\/\/berria.alberdania.net\/product\/la-semilla-vieja-y-otros-cuentos\/"},"modified":"2026-04-21T02:16:27","modified_gmt":"2026-04-21T00:16:27","slug":"la-semilla-vieja-y-otros-cuentos","status":"publish","type":"product","link":"https:\/\/www.alberdania.net\/eu\/product\/la-semilla-vieja-y-otros-cuentos\/","title":{"rendered":"La semilla vieja y otros cuentos"},"content":{"rendered":"","protected":false},"excerpt":{"rendered":"<p>\u0091Dos cosas esenciales destacan en la cuent\u00edstica de Mart\u00edn de Ugalde: de un lado, una voluntad f\u00e9rrea, una pasi\u00f3n ilimitada por integrarse, por fundirse, por hacerse \u00e9l mismo carne y sangre, gozo y agon\u00eda de las tierras y de las gentes venezolanas; del otro, un terco deseo de dejar testimonio, de convertirse en fiero e insobornable int\u00e9rprete de algo que bien podr\u00eda considerarse como una nueva clase social en Venezuela: los inmigrantes. Lo primero se patentiza en su af\u00e1n de conocimiento de tierras y gentes, y, sobre todo, en su pasi\u00f3n por adoptar los giros expresivos m\u00e1s genuinos, m\u00e1s arraigadamente criollos de esas gentes; lo segundo, en esa especie de amor rabioso que tiene Ugalde por las criaturas llegadas de otras tierras, desplazadas, desarraigadas, desheredadas de la fortuna\u0092. PL\u00c1 Y BELTR\u00c1N El Independiente, 1959<\/p>\n","protected":false},"featured_media":4508,"template":"","meta":{"_acf_changed":false,"inline_featured_image":false},"product_brand":[],"product_cat":[15],"product_tag":[],"tax-colections":[126,59],"tax-langs":[83],"tax-encuadernacion":[105],"tax-availability":[97],"class_list":{"0":"post-3115","1":"product","2":"type-product","3":"status-publish","4":"has-post-thumbnail","6":"product_cat-sin-categoria","7":"pa_tipo-de-libro-papel","8":"tax-colections-alga","9":"tax-colections-literatura-para-adultos","10":"tax-langs-castellano","11":"tax-encuadernacion-bolsillo-tapa-blanda","12":"tax-availability-disponible","14":"first","15":"instock","16":"shipping-taxable","17":"purchasable","18":"product-type-variable"},"acf":{"id_gesedi":447,"book_subtitle":"","book_author":33,"book_translator":"","book_illustrator":"","book_publish_date_book":"2003-05-27","book_publish_date_ebook":null,"book_publish_date_audiobook":null,"book_collection_number":12,"book_pages":336,"book_file":"","book_img":"","books_related":null},"_links":{"self":[{"href":"https:\/\/www.alberdania.net\/eu\/wp-json\/wp\/v2\/product\/3115","targetHints":{"allow":["GET"]}}],"collection":[{"href":"https:\/\/www.alberdania.net\/eu\/wp-json\/wp\/v2\/product"}],"about":[{"href":"https:\/\/www.alberdania.net\/eu\/wp-json\/wp\/v2\/types\/product"}],"wp:featuredmedia":[{"embeddable":true,"href":"https:\/\/www.alberdania.net\/eu\/wp-json\/wp\/v2\/media\/4508"}],"wp:attachment":[{"href":"https:\/\/www.alberdania.net\/eu\/wp-json\/wp\/v2\/media?parent=3115"}],"wp:term":[{"taxonomy":"product_brand","embeddable":true,"href":"https:\/\/www.alberdania.net\/eu\/wp-json\/wp\/v2\/product_brand?post=3115"},{"taxonomy":"product_cat","embeddable":true,"href":"https:\/\/www.alberdania.net\/eu\/wp-json\/wp\/v2\/product_cat?post=3115"},{"taxonomy":"product_tag","embeddable":true,"href":"https:\/\/www.alberdania.net\/eu\/wp-json\/wp\/v2\/product_tag?post=3115"},{"taxonomy":"tax-colections","embeddable":true,"href":"https:\/\/www.alberdania.net\/eu\/wp-json\/wp\/v2\/tax-colections?post=3115"},{"taxonomy":"tax-langs","embeddable":true,"href":"https:\/\/www.alberdania.net\/eu\/wp-json\/wp\/v2\/tax-langs?post=3115"},{"taxonomy":"tax-encuadernacion","embeddable":true,"href":"https:\/\/www.alberdania.net\/eu\/wp-json\/wp\/v2\/tax-encuadernacion?post=3115"},{"taxonomy":"tax-availability","embeddable":true,"href":"https:\/\/www.alberdania.net\/eu\/wp-json\/wp\/v2\/tax-availability?post=3115"}],"curies":[{"name":"wp","href":"https:\/\/api.w.org\/{rel}","templated":true}]}}

<p>Dos cosas esenciales destacan en la cuentística de Martín de Ugalde: de un lado, una voluntad férrea, una pasión ilimitada por integrarse, por fundirse, por hacerse él mismo carne y sangre, gozo y agonía de las tierras y de las gentes venezolanas; del otro, un terco deseo de dejar testimonio, de convertirse en fiero e insobornable intérprete de algo que bien podría considerarse como una nueva clase social en Venezuela: los inmigrantes. Lo primero se patentiza en su afán de conocimiento de tierras y gentes, y, sobre todo, en su pasión por adoptar los giros expresivos más genuinos, más arraigadamente criollos de esas gentes; lo segundo, en esa especie de amor rabioso que tiene Ugalde por las criaturas llegadas de otras tierras, desplazadas, desarraigadas, desheredadas de la fortuna. PLÁ Y BELTRÁN El Independiente, 1959</p>
