{"id":3169,"date":"2023-10-17T13:46:38","date_gmt":"2023-10-17T13:46:38","guid":{"rendered":"https:\/\/berria.alberdania.net\/product\/oteiza-en-irun-1957-1974\/"},"modified":"2026-04-21T02:25:57","modified_gmt":"2026-04-21T00:25:57","slug":"oteiza-en-irun-1957-1974","status":"publish","type":"product","link":"https:\/\/www.alberdania.net\/eu\/product\/oteiza-en-irun-1957-1974\/","title":{"rendered":"Oteiza en Ir\u00fan, 1957-1974"},"content":{"rendered":"","protected":false},"excerpt":{"rendered":"<p>La obra ofrece una semblanza humana de Oteiza durante su etapa irunesa, a trav\u00e9s de textos de su amigo Jaime Rodr\u00edguez Sal\u00eds y de art\u00edculos y colaboraciones de prensa que el propio Oteiza realizara mientras viv\u00eda en Ir\u00fan. La obra cuenta con 23 reproducciones en B\/N, as\u00ed como con diversos retratos realizados al artista.<\/p>\n","protected":false},"featured_media":4449,"template":"","meta":{"_acf_changed":false,"inline_featured_image":false},"product_brand":[],"product_cat":[15],"product_tag":[],"tax-colections":[59,137],"tax-langs":[83],"tax-encuadernacion":[105],"tax-availability":[97],"class_list":{"0":"post-3169","1":"product","2":"type-product","3":"status-publish","4":"has-post-thumbnail","6":"product_cat-sin-categoria","7":"pa_tipo-de-libro-papel","8":"tax-colections-literatura-para-adultos","9":"tax-colections-arte-liburuak","10":"tax-langs-castellano","11":"tax-encuadernacion-bolsillo-tapa-blanda","12":"tax-availability-disponible","14":"first","15":"instock","16":"shipping-taxable","17":"purchasable","18":"product-type-variable"},"acf":{"id_gesedi":501,"book_subtitle":"","book_author":261,"book_translator":"","book_illustrator":"","book_publish_date_book":"2003-12-28","book_publish_date_ebook":null,"book_publish_date_audiobook":null,"book_collection_number":0,"book_pages":208,"book_file":"","book_img":"","books_related":null},"_links":{"self":[{"href":"https:\/\/www.alberdania.net\/eu\/wp-json\/wp\/v2\/product\/3169","targetHints":{"allow":["GET"]}}],"collection":[{"href":"https:\/\/www.alberdania.net\/eu\/wp-json\/wp\/v2\/product"}],"about":[{"href":"https:\/\/www.alberdania.net\/eu\/wp-json\/wp\/v2\/types\/product"}],"wp:featuredmedia":[{"embeddable":true,"href":"https:\/\/www.alberdania.net\/eu\/wp-json\/wp\/v2\/media\/4449"}],"wp:attachment":[{"href":"https:\/\/www.alberdania.net\/eu\/wp-json\/wp\/v2\/media?parent=3169"}],"wp:term":[{"taxonomy":"product_brand","embeddable":true,"href":"https:\/\/www.alberdania.net\/eu\/wp-json\/wp\/v2\/product_brand?post=3169"},{"taxonomy":"product_cat","embeddable":true,"href":"https:\/\/www.alberdania.net\/eu\/wp-json\/wp\/v2\/product_cat?post=3169"},{"taxonomy":"product_tag","embeddable":true,"href":"https:\/\/www.alberdania.net\/eu\/wp-json\/wp\/v2\/product_tag?post=3169"},{"taxonomy":"tax-colections","embeddable":true,"href":"https:\/\/www.alberdania.net\/eu\/wp-json\/wp\/v2\/tax-colections?post=3169"},{"taxonomy":"tax-langs","embeddable":true,"href":"https:\/\/www.alberdania.net\/eu\/wp-json\/wp\/v2\/tax-langs?post=3169"},{"taxonomy":"tax-encuadernacion","embeddable":true,"href":"https:\/\/www.alberdania.net\/eu\/wp-json\/wp\/v2\/tax-encuadernacion?post=3169"},{"taxonomy":"tax-availability","embeddable":true,"href":"https:\/\/www.alberdania.net\/eu\/wp-json\/wp\/v2\/tax-availability?post=3169"}],"curies":[{"name":"wp","href":"https:\/\/api.w.org\/{rel}","templated":true}]}}

Oteiza en Irún, 1957-1974

<p>La obra ofrece una semblanza humana de Oteiza durante su etapa irunesa, a través de textos de su amigo Jaime Rodríguez Salís y de artículos y colaboraciones de prensa que el propio Oteiza realizara mientras vivía en Irún. La obra cuenta con 23 reproducciones en B/N, así como con diversos retratos realizados al artista.</p>
