{"id":3339,"date":"2023-10-17T13:56:24","date_gmt":"2023-10-17T13:56:24","guid":{"rendered":"https:\/\/berria.alberdania.net\/product\/derechos-humanos-y-accion-humanitaria\/"},"modified":"2026-04-21T02:46:16","modified_gmt":"2026-04-21T00:46:16","slug":"derechos-humanos-y-accion-humanitaria","status":"publish","type":"product","link":"https:\/\/www.alberdania.net\/eu\/product\/derechos-humanos-y-accion-humanitaria\/","title":{"rendered":"Derechos humanos y acci\u00f3n humanitaria"},"content":{"rendered":"","protected":false},"excerpt":{"rendered":"<p>Las crisis humanitarias protagonizan el escenario internacional posterior a la guerra fr\u00eda. La acci\u00f3n humanitaria, entendida como la prestaci\u00f3n de los servicios y de los bienes necesarios para la supervivencia de las poblaciones vulnerables, se ha convertido en una pr\u00e1ctica habitual de los gobiernos y en una profesi\u00f3n para miles de personas que trabajan en las ONG. La acci\u00f3n humanitaria tiene su origen en el sufrimiento extremo y se fundamenta en los derechos de las v\u00edctimas, de los refugiados, de los desplazados, de las mujeres y de los ni\u00f1os. Cuando se presta ayuda humanitaria se contribuye a hacer respetar el derecho a la vida, el derecho a la salud o el derecho al alimento de dichas poblaciones. La presente obra intenta contribuir al establecimiento de un r\u00e9gimen general de los derechos y las obligaciones que giran en torno a la acci\u00f3n humanitaria. Se identifican los colectivos de personas afectadas, cuyos derechos son la base de la obligaci\u00f3n que tienen los Estados y los grupos insurgentes a prestarles ayuda. La obra se suma al debate sobre la implicaci\u00f3n y la estrecha relaci\u00f3n del Derecho Internacional contempor\u00e1neo con la actividad humanitaria.<\/p>\n","protected":false},"featured_media":4268,"template":"","meta":{"_acf_changed":false,"inline_featured_image":false},"product_brand":[],"product_cat":[15],"product_tag":[],"tax-colections":[59,133],"tax-langs":[83],"tax-encuadernacion":[105],"tax-availability":[97],"class_list":{"0":"post-3339","1":"product","2":"type-product","3":"status-publish","4":"has-post-thumbnail","6":"product_cat-sin-categoria","7":"pa_tipo-de-libro-papel","8":"tax-colections-literatura-para-adultos","9":"tax-colections-giza-eskubideak","10":"tax-langs-castellano","11":"tax-encuadernacion-bolsillo-tapa-blanda","12":"tax-availability-disponible","14":"first","15":"instock","16":"shipping-taxable","17":"purchasable","18":"product-type-variable"},"acf":{"id_gesedi":627,"book_subtitle":"","book_author":"","book_translator":"","book_illustrator":"","book_publish_date_book":"2005-01-01","book_publish_date_ebook":null,"book_publish_date_audiobook":null,"book_collection_number":1,"book_pages":296,"book_file":"","book_img":"","books_related":null},"_links":{"self":[{"href":"https:\/\/www.alberdania.net\/eu\/wp-json\/wp\/v2\/product\/3339","targetHints":{"allow":["GET"]}}],"collection":[{"href":"https:\/\/www.alberdania.net\/eu\/wp-json\/wp\/v2\/product"}],"about":[{"href":"https:\/\/www.alberdania.net\/eu\/wp-json\/wp\/v2\/types\/product"}],"wp:featuredmedia":[{"embeddable":true,"href":"https:\/\/www.alberdania.net\/eu\/wp-json\/wp\/v2\/media\/4268"}],"wp:attachment":[{"href":"https:\/\/www.alberdania.net\/eu\/wp-json\/wp\/v2\/media?parent=3339"}],"wp:term":[{"taxonomy":"product_brand","embeddable":true,"href":"https:\/\/www.alberdania.net\/eu\/wp-json\/wp\/v2\/product_brand?post=3339"},{"taxonomy":"product_cat","embeddable":true,"href":"https:\/\/www.alberdania.net\/eu\/wp-json\/wp\/v2\/product_cat?post=3339"},{"taxonomy":"product_tag","embeddable":true,"href":"https:\/\/www.alberdania.net\/eu\/wp-json\/wp\/v2\/product_tag?post=3339"},{"taxonomy":"tax-colections","embeddable":true,"href":"https:\/\/www.alberdania.net\/eu\/wp-json\/wp\/v2\/tax-colections?post=3339"},{"taxonomy":"tax-langs","embeddable":true,"href":"https:\/\/www.alberdania.net\/eu\/wp-json\/wp\/v2\/tax-langs?post=3339"},{"taxonomy":"tax-encuadernacion","embeddable":true,"href":"https:\/\/www.alberdania.net\/eu\/wp-json\/wp\/v2\/tax-encuadernacion?post=3339"},{"taxonomy":"tax-availability","embeddable":true,"href":"https:\/\/www.alberdania.net\/eu\/wp-json\/wp\/v2\/tax-availability?post=3339"}],"curies":[{"name":"wp","href":"https:\/\/api.w.org\/{rel}","templated":true}]}}

Derechos humanos y acción humanitaria

<p>Las crisis humanitarias protagonizan el escenario internacional posterior a la guerra fría. La acción humanitaria, entendida como la prestación de los servicios y de los bienes necesarios para la supervivencia de las poblaciones vulnerables, se ha convertido en una práctica habitual de los gobiernos y en una profesión para miles de personas que trabajan en las ONG. La acción humanitaria tiene su origen en el sufrimiento extremo y se fundamenta en los derechos de las víctimas, de los refugiados, de los desplazados, de las mujeres y de los niños. Cuando se presta ayuda humanitaria se contribuye a hacer respetar el derecho a la vida, el derecho a la salud o el derecho al alimento de dichas poblaciones. La presente obra intenta contribuir al establecimiento de un régimen general de los derechos y las obligaciones que giran en torno a la acción humanitaria. Se identifican los colectivos de personas afectadas, cuyos derechos son la base de la obligación que tienen los Estados y los grupos insurgentes a prestarles ayuda. La obra se suma al debate sobre la implicación y la estrecha relación del Derecho Internacional contemporáneo con la actividad humanitaria.</p>
