{"id":3362,"date":"2023-10-17T13:57:25","date_gmt":"2023-10-17T13:57:25","guid":{"rendered":"https:\/\/berria.alberdania.net\/product\/la-mirada-difusa\/"},"modified":"2026-04-21T02:47:17","modified_gmt":"2026-04-21T00:47:17","slug":"la-mirada-difusa","status":"publish","type":"product","link":"https:\/\/www.alberdania.net\/eu\/product\/la-mirada-difusa\/","title":{"rendered":"La mirada difusa"},"content":{"rendered":"","protected":false},"excerpt":{"rendered":"<p>El presente ensayo comprensivo de la realidad social del nacionalismo vasco en el siglo XXI no contiene recetas, ni pretende ser un compendio de soluciones. Antes bien, interroga a la realidad vasca sobre la complejidad que \u00e9sta atesora. El autor, de la mano de la historia, realiza un recorrido para averiguar el sentido del nacionalismo en los tiempos presentes, al tiempo que penetra en la incidencia de la globalizaci\u00f3n en la configuraci\u00f3n del poder pol\u00edtico y en la transformaci\u00f3n de los discursos alrededor de la naci\u00f3n, de la soberan\u00eda y de la territorialidad, centrando los retos en la creaci\u00f3n de un nuevo concepto de naci\u00f3n, en la asunci\u00f3n del pluralismo, en el final de la violencia y en la relaci\u00f3n con el Estado. La mirada difusa es un libro tan alejado de la comodidad como valioso para quienes deseen explorar el enigma vasco.<\/p>\n","protected":false},"featured_media":4246,"template":"","meta":{"_acf_changed":false,"inline_featured_image":false},"product_brand":[],"product_cat":[15],"product_tag":[],"tax-colections":[126,59],"tax-langs":[83],"tax-encuadernacion":[105],"tax-availability":[97],"class_list":{"0":"post-3362","1":"product","2":"type-product","3":"status-publish","4":"has-post-thumbnail","6":"product_cat-sin-categoria","7":"pa_tipo-de-libro-papel","8":"tax-colections-alga","9":"tax-colections-literatura-para-adultos","10":"tax-langs-castellano","11":"tax-encuadernacion-bolsillo-tapa-blanda","12":"tax-availability-disponible","14":"first","15":"instock","16":"shipping-taxable","17":"purchasable","18":"product-type-variable"},"acf":{"id_gesedi":648,"book_subtitle":"dilemas del nacionalismo","book_author":259,"book_translator":"","book_illustrator":"","book_publish_date_book":"2002-11-06","book_publish_date_ebook":null,"book_publish_date_audiobook":null,"book_collection_number":8,"book_pages":224,"book_file":"","book_img":"","books_related":null},"_links":{"self":[{"href":"https:\/\/www.alberdania.net\/eu\/wp-json\/wp\/v2\/product\/3362","targetHints":{"allow":["GET"]}}],"collection":[{"href":"https:\/\/www.alberdania.net\/eu\/wp-json\/wp\/v2\/product"}],"about":[{"href":"https:\/\/www.alberdania.net\/eu\/wp-json\/wp\/v2\/types\/product"}],"wp:featuredmedia":[{"embeddable":true,"href":"https:\/\/www.alberdania.net\/eu\/wp-json\/wp\/v2\/media\/4246"}],"wp:attachment":[{"href":"https:\/\/www.alberdania.net\/eu\/wp-json\/wp\/v2\/media?parent=3362"}],"wp:term":[{"taxonomy":"product_brand","embeddable":true,"href":"https:\/\/www.alberdania.net\/eu\/wp-json\/wp\/v2\/product_brand?post=3362"},{"taxonomy":"product_cat","embeddable":true,"href":"https:\/\/www.alberdania.net\/eu\/wp-json\/wp\/v2\/product_cat?post=3362"},{"taxonomy":"product_tag","embeddable":true,"href":"https:\/\/www.alberdania.net\/eu\/wp-json\/wp\/v2\/product_tag?post=3362"},{"taxonomy":"tax-colections","embeddable":true,"href":"https:\/\/www.alberdania.net\/eu\/wp-json\/wp\/v2\/tax-colections?post=3362"},{"taxonomy":"tax-langs","embeddable":true,"href":"https:\/\/www.alberdania.net\/eu\/wp-json\/wp\/v2\/tax-langs?post=3362"},{"taxonomy":"tax-encuadernacion","embeddable":true,"href":"https:\/\/www.alberdania.net\/eu\/wp-json\/wp\/v2\/tax-encuadernacion?post=3362"},{"taxonomy":"tax-availability","embeddable":true,"href":"https:\/\/www.alberdania.net\/eu\/wp-json\/wp\/v2\/tax-availability?post=3362"}],"curies":[{"name":"wp","href":"https:\/\/api.w.org\/{rel}","templated":true}]}}

<p>El presente ensayo comprensivo de la realidad social del nacionalismo vasco en el siglo XXI no contiene recetas, ni pretende ser un compendio de soluciones. Antes bien, interroga a la realidad vasca sobre la complejidad que ésta atesora. El autor, de la mano de la historia, realiza un recorrido para averiguar el sentido del nacionalismo en los tiempos presentes, al tiempo que penetra en la incidencia de la globalización en la configuración del poder político y en la transformación de los discursos alrededor de la nación, de la soberanía y de la territorialidad, centrando los retos en la creación de un nuevo concepto de nación, en la asunción del pluralismo, en el final de la violencia y en la relación con el Estado. La mirada difusa es un libro tan alejado de la comodidad como valioso para quienes deseen explorar el enigma vasco.</p>
