{"id":3364,"date":"2023-10-17T13:57:34","date_gmt":"2023-10-17T13:57:34","guid":{"rendered":"https:\/\/berria.alberdania.net\/product\/enderezando-el-bucle\/"},"modified":"2026-04-21T02:50:25","modified_gmt":"2026-04-21T00:50:25","slug":"enderezando-el-bucle","status":"publish","type":"product","link":"https:\/\/www.alberdania.net\/eu\/product\/enderezando-el-bucle\/","title":{"rendered":"Enderezando el bucle"},"content":{"rendered":"","protected":false},"excerpt":{"rendered":"<p>El antinacionalismo es, a juicio del autor, uno de los mayores obst\u00e1culos, no ya para la paz, sino para la normalizaci\u00f3n de la vida pol\u00edtica democr\u00e1tica en Euskadi. Un obst\u00e1culo de la misma magnitud que cualquier intento de marginaci\u00f3n de los no nacionalistas. Enderezando el bucle realiza un recorrido minucioso y documentado a trav\u00e9s de los antecedentes -unos pr\u00f3ximos, otros m\u00e1s lejanos- de lo que el autor denomina \u00abantinacionalismo vasco moderno, mal llamado constitucionalismo\u00bb, y recurre, para tal fin, a las propias fuentes antinacionalistas, al tiempo que extrae de la memoria personal del autor poderosos elementos de contraste, aderezados a menudo con el an\u00e1lisis de ejemplos rescatados del proceso irland\u00e9s.<\/p>\n","protected":false},"featured_media":4244,"template":"","meta":{"_acf_changed":false,"inline_featured_image":false},"product_brand":[],"product_cat":[15],"product_tag":[],"tax-colections":[59,128],"tax-langs":[83],"tax-encuadernacion":[105],"tax-availability":[97],"class_list":{"0":"post-3364","1":"product","2":"type-product","3":"status-publish","4":"has-post-thumbnail","6":"product_cat-sin-categoria","7":"pa_tipo-de-libro-papel","8":"tax-colections-literatura-para-adultos","9":"tax-colections-astiro","10":"tax-langs-castellano","11":"tax-encuadernacion-bolsillo-tapa-blanda","12":"tax-availability-disponible","14":"first","15":"instock","16":"shipping-taxable","17":"purchasable","18":"product-type-variable"},"acf":{"id_gesedi":649,"book_subtitle":"cr\u00f3nica del antinacionalismo vasco y memoria incompleta de una transici\u00f3n inconclusa","book_author":"","book_translator":"","book_illustrator":"","book_publish_date_book":"2002-11-18","book_publish_date_ebook":null,"book_publish_date_audiobook":null,"book_collection_number":9,"book_pages":232,"book_file":"","book_img":"","books_related":null},"_links":{"self":[{"href":"https:\/\/www.alberdania.net\/eu\/wp-json\/wp\/v2\/product\/3364","targetHints":{"allow":["GET"]}}],"collection":[{"href":"https:\/\/www.alberdania.net\/eu\/wp-json\/wp\/v2\/product"}],"about":[{"href":"https:\/\/www.alberdania.net\/eu\/wp-json\/wp\/v2\/types\/product"}],"wp:featuredmedia":[{"embeddable":true,"href":"https:\/\/www.alberdania.net\/eu\/wp-json\/wp\/v2\/media\/4244"}],"wp:attachment":[{"href":"https:\/\/www.alberdania.net\/eu\/wp-json\/wp\/v2\/media?parent=3364"}],"wp:term":[{"taxonomy":"product_brand","embeddable":true,"href":"https:\/\/www.alberdania.net\/eu\/wp-json\/wp\/v2\/product_brand?post=3364"},{"taxonomy":"product_cat","embeddable":true,"href":"https:\/\/www.alberdania.net\/eu\/wp-json\/wp\/v2\/product_cat?post=3364"},{"taxonomy":"product_tag","embeddable":true,"href":"https:\/\/www.alberdania.net\/eu\/wp-json\/wp\/v2\/product_tag?post=3364"},{"taxonomy":"tax-colections","embeddable":true,"href":"https:\/\/www.alberdania.net\/eu\/wp-json\/wp\/v2\/tax-colections?post=3364"},{"taxonomy":"tax-langs","embeddable":true,"href":"https:\/\/www.alberdania.net\/eu\/wp-json\/wp\/v2\/tax-langs?post=3364"},{"taxonomy":"tax-encuadernacion","embeddable":true,"href":"https:\/\/www.alberdania.net\/eu\/wp-json\/wp\/v2\/tax-encuadernacion?post=3364"},{"taxonomy":"tax-availability","embeddable":true,"href":"https:\/\/www.alberdania.net\/eu\/wp-json\/wp\/v2\/tax-availability?post=3364"}],"curies":[{"name":"wp","href":"https:\/\/api.w.org\/{rel}","templated":true}]}}

<p>El antinacionalismo es, a juicio del autor, uno de los mayores obstáculos, no ya para la paz, sino para la normalización de la vida política democrática en Euskadi. Un obstáculo de la misma magnitud que cualquier intento de marginación de los no nacionalistas. Enderezando el bucle realiza un recorrido minucioso y documentado a través de los antecedentes -unos próximos, otros más lejanos- de lo que el autor denomina «antinacionalismo vasco moderno, mal llamado constitucionalismo», y recurre, para tal fin, a las propias fuentes antinacionalistas, al tiempo que extrae de la memoria personal del autor poderosos elementos de contraste, aderezados a menudo con el análisis de ejemplos rescatados del proceso irlandés.</p>

crónica del antinacionalismo vasco y memoria incompleta de una transición inconclusa
