{"id":3469,"date":"2023-10-17T14:04:05","date_gmt":"2023-10-17T14:04:05","guid":{"rendered":"https:\/\/berria.alberdania.net\/product\/burbujas\/"},"modified":"2026-04-21T03:01:33","modified_gmt":"2026-04-21T01:01:33","slug":"burbujas","status":"publish","type":"product","link":"https:\/\/www.alberdania.net\/eu\/product\/burbujas\/","title":{"rendered":"Burbujas"},"content":{"rendered":"","protected":false},"excerpt":{"rendered":"<p>El destierro. Berl\u00edn, el destierro, es el espacio donde se encuentran los personajes. En el destierro, como burbujas que danzaran en el aire. Una misma atm\u00f3sfera envuelve las historias y la ciudad. Los espacios sirven de escenario a las historias. Berl\u00edn es el centro de la utop\u00eda urbana, pero tambi\u00e9n Bilbao, Barcelona, Par\u00eds, Copenhague, Londres\u0085 Las historias se desarrollan en una \u00e9poca en que las distancias apenas existen ya, y asoman a ellas, latentes o expl\u00edcitos, los problemas de las relaciones interpersonales tal como hoy las entendemos, junto a los relativos a la identidad, a las ra\u00edces, a la pertenencia a un determinado lugar\u0085En esta novela, compuesta por un mosaico de narraciones, es el pulso \u00edntimo de las vivencias lo que, por encima de la acci\u00f3n, modula la narraci\u00f3n. La novela nos habla del mundo que palpita bajo la piel, sobre la intensidad de la cotidianidad y el deseo de sumergirse en ella. Las historias parten de la realidad, pero un esp\u00edritu so\u00f1ador las lleva, de tanto en tanto, a una dimensi\u00f3n donde reina la fantas\u00eda.<\/p>\n","protected":false},"featured_media":4147,"template":"","meta":{"_acf_changed":false,"inline_featured_image":false},"product_brand":[],"product_cat":[15],"product_tag":[],"tax-colections":[59,128],"tax-langs":[83],"tax-encuadernacion":[105],"tax-availability":[97],"class_list":{"0":"post-3469","1":"product","2":"type-product","3":"status-publish","4":"has-post-thumbnail","6":"product_cat-sin-categoria","7":"pa_tipo-de-libro-ebook","8":"pa_tipo-de-libro-papel","9":"tax-colections-literatura-para-adultos","10":"tax-colections-astiro","11":"tax-langs-castellano","12":"tax-encuadernacion-bolsillo-tapa-blanda","13":"tax-availability-disponible","15":"first","16":"instock","17":"shipping-taxable","18":"purchasable","19":"product-type-variable"},"acf":{"id_gesedi":733,"book_subtitle":"","book_author":32,"book_translator":"","book_illustrator":"","book_publish_date_book":"2011-10-05","book_publish_date_ebook":"2011-10-05","book_publish_date_audiobook":null,"book_collection_number":38,"book_pages":0,"book_file":"","book_img":"","books_related":null},"_links":{"self":[{"href":"https:\/\/www.alberdania.net\/eu\/wp-json\/wp\/v2\/product\/3469","targetHints":{"allow":["GET"]}}],"collection":[{"href":"https:\/\/www.alberdania.net\/eu\/wp-json\/wp\/v2\/product"}],"about":[{"href":"https:\/\/www.alberdania.net\/eu\/wp-json\/wp\/v2\/types\/product"}],"wp:featuredmedia":[{"embeddable":true,"href":"https:\/\/www.alberdania.net\/eu\/wp-json\/wp\/v2\/media\/4147"}],"wp:attachment":[{"href":"https:\/\/www.alberdania.net\/eu\/wp-json\/wp\/v2\/media?parent=3469"}],"wp:term":[{"taxonomy":"product_brand","embeddable":true,"href":"https:\/\/www.alberdania.net\/eu\/wp-json\/wp\/v2\/product_brand?post=3469"},{"taxonomy":"product_cat","embeddable":true,"href":"https:\/\/www.alberdania.net\/eu\/wp-json\/wp\/v2\/product_cat?post=3469"},{"taxonomy":"product_tag","embeddable":true,"href":"https:\/\/www.alberdania.net\/eu\/wp-json\/wp\/v2\/product_tag?post=3469"},{"taxonomy":"tax-colections","embeddable":true,"href":"https:\/\/www.alberdania.net\/eu\/wp-json\/wp\/v2\/tax-colections?post=3469"},{"taxonomy":"tax-langs","embeddable":true,"href":"https:\/\/www.alberdania.net\/eu\/wp-json\/wp\/v2\/tax-langs?post=3469"},{"taxonomy":"tax-encuadernacion","embeddable":true,"href":"https:\/\/www.alberdania.net\/eu\/wp-json\/wp\/v2\/tax-encuadernacion?post=3469"},{"taxonomy":"tax-availability","embeddable":true,"href":"https:\/\/www.alberdania.net\/eu\/wp-json\/wp\/v2\/tax-availability?post=3469"}],"curies":[{"name":"wp","href":"https:\/\/api.w.org\/{rel}","templated":true}]}}

<p>El destierro. Berlín, el destierro, es el espacio donde se encuentran los personajes. En el destierro, como burbujas que danzaran en el aire. Una misma atmósfera envuelve las historias y la ciudad. Los espacios sirven de escenario a las historias. Berlín es el centro de la utopía urbana, pero también Bilbao, Barcelona, París, Copenhague, Londres Las historias se desarrollan en una época en que las distancias apenas existen ya, y asoman a ellas, latentes o explícitos, los problemas de las relaciones interpersonales tal como hoy las entendemos, junto a los relativos a la identidad, a las raíces, a la pertenencia a un determinado lugarEn esta novela, compuesta por un mosaico de narraciones, es el pulso íntimo de las vivencias lo que, por encima de la acción, modula la narración. La novela nos habla del mundo que palpita bajo la piel, sobre la intensidad de la cotidianidad y el deseo de sumergirse en ella. Las historias parten de la realidad, pero un espíritu soñador las lleva, de tanto en tanto, a una dimensión donde reina la fantasía.</p>
