{"id":3546,"date":"2023-10-17T14:11:38","date_gmt":"2023-10-17T14:11:38","guid":{"rendered":"https:\/\/berria.alberdania.net\/product\/la-suerte-de-regi\/"},"modified":"2026-04-21T03:12:00","modified_gmt":"2026-04-21T01:12:00","slug":"la-suerte-de-regi","status":"publish","type":"product","link":"https:\/\/www.alberdania.net\/eu\/product\/la-suerte-de-regi\/","title":{"rendered":"La suerte de Regi"},"content":{"rendered":"","protected":false},"excerpt":{"rendered":"<p>La narraci\u00f3n comienza en el invierno de 1974 en el Pa\u00eds Vasco y termina en la primavera de 2019. Cuarenta y cinco a\u00f1os de nuestra historia reciente, casi medio siglo, pasan por sus p\u00e1ginas. El fin de la dictadura, la transici\u00f3n, los primeros a\u00f1os de democracia y autogobierno, el cambio de siglo, los terrorismos, el final de ETA, la normalidad (seg\u00fan la conoc\u00edamos antes de la pandemia). Una parte de la historia que se ha materializado en las vivencias de una generaci\u00f3n, una \u00e9poca fundacional en muchos \u00e1mbitos, liberadora en otros, narcotizante en no pocos, vivida y narrada por personas de la comunidad LGTBI.<br \/>\n\tRegi, el protagonista central de la novela, se busca a s\u00ed mismo en un ambiente social que relega su sexualidad a la marginalidad. Esa represi\u00f3n se suma a otras represiones que, lentamente, van quedando atr\u00e1s gracias al empuje de una sociedad mayoritariamente resuelta a conquistar la libertad en todos los \u00e1mbitos de la vida, tambi\u00e9n en el de la identidad sexual. Otro tanto sucede con los amigos y amigas de Regi. Cada cual a su modo y con arreglo o los resultados de sus propias b\u00fasquedas.<br \/>\n\tLa perspectiva LGTBI que distingue esta novela no es, sin embargo, excluyente. El fresco que el autor pinta abarca a todo el conjunto de la sociedad vasca a lo largo de ese prolongado intervalo de tiempo. Regi y sus amigos se miran a s\u00ed mismos y relatan las muy diversas vivencias (sexuales, pol\u00edticas, profesionales y de todo tipo) de una parte de la sociedad condenada a un largo ostracismo. En definitiva, la peripecia hist\u00f3rica del conjunto de la sociedad vasca, espa\u00f1ola y europea.<\/p>\n","protected":false},"featured_media":4082,"template":"","meta":{"_acf_changed":false,"inline_featured_image":false},"product_brand":[],"product_cat":[15],"product_tag":[],"tax-colections":[59,128],"tax-langs":[83],"tax-encuadernacion":[],"tax-availability":[97],"class_list":{"0":"post-3546","1":"product","2":"type-product","3":"status-publish","4":"has-post-thumbnail","6":"product_cat-sin-categoria","7":"pa_tipo-de-libro-papel","8":"pa_tipo-de-libro-ebook","9":"tax-colections-literatura-para-adultos","10":"tax-colections-astiro","11":"tax-langs-castellano","12":"tax-availability-disponible","14":"first","15":"instock","16":"shipping-taxable","17":"purchasable","18":"product-type-variable"},"acf":{"id_gesedi":817,"book_subtitle":"","book_author":44,"book_translator":"","book_illustrator":"","book_publish_date_book":"2021-09-27","book_publish_date_ebook":"2021-10-25","book_publish_date_audiobook":null,"book_collection_number":54,"book_pages":0,"book_file":"","book_img":"","books_related":null},"_links":{"self":[{"href":"https:\/\/www.alberdania.net\/eu\/wp-json\/wp\/v2\/product\/3546","targetHints":{"allow":["GET"]}}],"collection":[{"href":"https:\/\/www.alberdania.net\/eu\/wp-json\/wp\/v2\/product"}],"about":[{"href":"https:\/\/www.alberdania.net\/eu\/wp-json\/wp\/v2\/types\/product"}],"wp:featuredmedia":[{"embeddable":true,"href":"https:\/\/www.alberdania.net\/eu\/wp-json\/wp\/v2\/media\/4082"}],"wp:attachment":[{"href":"https:\/\/www.alberdania.net\/eu\/wp-json\/wp\/v2\/media?parent=3546"}],"wp:term":[{"taxonomy":"product_brand","embeddable":true,"href":"https:\/\/www.alberdania.net\/eu\/wp-json\/wp\/v2\/product_brand?post=3546"},{"taxonomy":"product_cat","embeddable":true,"href":"https:\/\/www.alberdania.net\/eu\/wp-json\/wp\/v2\/product_cat?post=3546"},{"taxonomy":"product_tag","embeddable":true,"href":"https:\/\/www.alberdania.net\/eu\/wp-json\/wp\/v2\/product_tag?post=3546"},{"taxonomy":"tax-colections","embeddable":true,"href":"https:\/\/www.alberdania.net\/eu\/wp-json\/wp\/v2\/tax-colections?post=3546"},{"taxonomy":"tax-langs","embeddable":true,"href":"https:\/\/www.alberdania.net\/eu\/wp-json\/wp\/v2\/tax-langs?post=3546"},{"taxonomy":"tax-encuadernacion","embeddable":true,"href":"https:\/\/www.alberdania.net\/eu\/wp-json\/wp\/v2\/tax-encuadernacion?post=3546"},{"taxonomy":"tax-availability","embeddable":true,"href":"https:\/\/www.alberdania.net\/eu\/wp-json\/wp\/v2\/tax-availability?post=3546"}],"curies":[{"name":"wp","href":"https:\/\/api.w.org\/{rel}","templated":true}]}}

<p>La narración comienza en el invierno de 1974 en el País Vasco y termina en la primavera de 2019. Cuarenta y cinco años de nuestra historia reciente, casi medio siglo, pasan por sus páginas. El fin de la dictadura, la transición, los primeros años de democracia y autogobierno, el cambio de siglo, los terrorismos, el final de ETA, la normalidad (según la conocíamos antes de la pandemia). Una parte de la historia que se ha materializado en las vivencias de una generación, una época fundacional en muchos ámbitos, liberadora en otros, narcotizante en no pocos, vivida y narrada por personas de la comunidad LGTBI.<br />
	Regi, el protagonista central de la novela, se busca a sí mismo en un ambiente social que relega su sexualidad a la marginalidad. Esa represión se suma a otras represiones que, lentamente, van quedando atrás gracias al empuje de una sociedad mayoritariamente resuelta a conquistar la libertad en todos los ámbitos de la vida, también en el de la identidad sexual. Otro tanto sucede con los amigos y amigas de Regi. Cada cual a su modo y con arreglo o los resultados de sus propias búsquedas.<br />
	La perspectiva LGTBI que distingue esta novela no es, sin embargo, excluyente. El fresco que el autor pinta abarca a todo el conjunto de la sociedad vasca a lo largo de ese prolongado intervalo de tiempo. Regi y sus amigos se miran a sí mismos y relatan las muy diversas vivencias (sexuales, políticas, profesionales y de todo tipo) de una parte de la sociedad condenada a un largo ostracismo. En definitiva, la peripecia histórica del conjunto de la sociedad vasca, española y europea.</p>
