{"id":3752,"date":"2023-10-17T16:08:39","date_gmt":"2023-10-17T16:08:39","guid":{"rendered":"https:\/\/berria.alberdania.net\/product\/diario-de-un-adolescente-gay\/"},"modified":"2026-04-21T01:51:56","modified_gmt":"2026-04-20T23:51:56","slug":"diario-de-un-adolescente-gay","status":"publish","type":"product","link":"https:\/\/www.alberdania.net\/eu\/product\/diario-de-un-adolescente-gay\/","title":{"rendered":"Diario de un adolescente gay"},"content":{"rendered":"","protected":false},"excerpt":{"rendered":"<p>I\u00f1igo Lamarca es homosexual, y este libro no s\u00f3lo se limita a dar testimonio de ello, sino que constituye una reivindicaci\u00f3n del derecho a vivir con total normalidad su condici\u00f3n.<\/p>\n<p>\tEl libro comienza con sus recuerdos de infancia: es decir, es una cr\u00f3nica desgarrada que nos muestra el conflictivo despertar sexual de un ni\u00f1o, al que, mediante la coerci\u00f3n, le son impuestas las normas propias del modelo heterosexual.<\/p>\n<p>\tEn la adolescencia, mientras el ni\u00f1o se va transformando en adulto, ese conflicto se convierte en un infierno. Para trasladar al papel de la forma mas fidedigna posible el drama interior que vivi\u00f3, el autor se ha servido de retazos de du diario personal.<\/p>\n<p>\tLamarca es homosexual, s\u00ed. Pero no es s\u00f3lo homosexual. Es, antes que nada una persona, una persona comprometida con su sociedad, tanto en el terreno de la cultura como en el de la acci\u00f3n civil. Muestra de ese compromiso es la alta responsabilidad institucional que actualmente desempe\u00f1a como Ararteko (Defensor del Pueblo Vasco).<\/p>\n<p>\tEs dif\u00edcil encontrar un testimonio tan directo, honesto y sincero.. Lamarca da un paso adelante en su trayectoria personal y vital, un paso adelante en la perspectiva de la normalizaci\u00f3n de la homosexualidad. Pero tambi\u00e9n un avance en la normalizaci\u00f3n de nuestra sociedad. Un paso adelante en el fortalecimiento de la dignidad humana.<\/p>\n","protected":false},"featured_media":3974,"template":"","meta":{"_acf_changed":false,"inline_featured_image":false},"product_brand":[],"product_cat":[15],"product_tag":[],"tax-colections":[59,128],"tax-langs":[83],"tax-encuadernacion":[105],"tax-availability":[97],"class_list":{"0":"post-3752","1":"product","2":"type-product","3":"status-publish","4":"has-post-thumbnail","6":"product_cat-sin-categoria","7":"pa_tipo-de-libro-papel","8":"pa_tipo-de-libro-ebook","9":"tax-colections-literatura-para-adultos","10":"tax-colections-astiro","11":"tax-langs-castellano","12":"tax-encuadernacion-bolsillo-tapa-blanda","13":"tax-availability-disponible","15":"first","16":"instock","17":"shipping-taxable","18":"purchasable","19":"product-type-variable"},"acf":{"id_gesedi":313,"book_subtitle":"","book_author":44,"book_translator":"","book_illustrator":"","book_publish_date_book":"2009-05-12","book_publish_date_ebook":"2009-05-01","book_publish_date_audiobook":null,"book_collection_number":9,"book_pages":0,"book_file":"","book_img":"","books_related":null},"_links":{"self":[{"href":"https:\/\/www.alberdania.net\/eu\/wp-json\/wp\/v2\/product\/3752","targetHints":{"allow":["GET"]}}],"collection":[{"href":"https:\/\/www.alberdania.net\/eu\/wp-json\/wp\/v2\/product"}],"about":[{"href":"https:\/\/www.alberdania.net\/eu\/wp-json\/wp\/v2\/types\/product"}],"wp:featuredmedia":[{"embeddable":true,"href":"https:\/\/www.alberdania.net\/eu\/wp-json\/wp\/v2\/media\/3974"}],"wp:attachment":[{"href":"https:\/\/www.alberdania.net\/eu\/wp-json\/wp\/v2\/media?parent=3752"}],"wp:term":[{"taxonomy":"product_brand","embeddable":true,"href":"https:\/\/www.alberdania.net\/eu\/wp-json\/wp\/v2\/product_brand?post=3752"},{"taxonomy":"product_cat","embeddable":true,"href":"https:\/\/www.alberdania.net\/eu\/wp-json\/wp\/v2\/product_cat?post=3752"},{"taxonomy":"product_tag","embeddable":true,"href":"https:\/\/www.alberdania.net\/eu\/wp-json\/wp\/v2\/product_tag?post=3752"},{"taxonomy":"tax-colections","embeddable":true,"href":"https:\/\/www.alberdania.net\/eu\/wp-json\/wp\/v2\/tax-colections?post=3752"},{"taxonomy":"tax-langs","embeddable":true,"href":"https:\/\/www.alberdania.net\/eu\/wp-json\/wp\/v2\/tax-langs?post=3752"},{"taxonomy":"tax-encuadernacion","embeddable":true,"href":"https:\/\/www.alberdania.net\/eu\/wp-json\/wp\/v2\/tax-encuadernacion?post=3752"},{"taxonomy":"tax-availability","embeddable":true,"href":"https:\/\/www.alberdania.net\/eu\/wp-json\/wp\/v2\/tax-availability?post=3752"}],"curies":[{"name":"wp","href":"https:\/\/api.w.org\/{rel}","templated":true}]}}

<p>Iñigo Lamarca es homosexual, y este libro no sólo se limita a dar testimonio de ello, sino que constituye una reivindicación del derecho a vivir con total normalidad su condición.</p>
<p>	El libro comienza con sus recuerdos de infancia: es decir, es una crónica desgarrada que nos muestra el conflictivo despertar sexual de un niño, al que, mediante la coerción, le son impuestas las normas propias del modelo heterosexual.</p>
<p>	En la adolescencia, mientras el niño se va transformando en adulto, ese conflicto se convierte en un infierno. Para trasladar al papel de la forma mas fidedigna posible el drama interior que vivió, el autor se ha servido de retazos de du diario personal.</p>
<p>	Lamarca es homosexual, sí. Pero no es sólo homosexual. Es, antes que nada una persona, una persona comprometida con su sociedad, tanto en el terreno de la cultura como en el de la acción civil. Muestra de ese compromiso es la alta responsabilidad institucional que actualmente desempeña como Ararteko (Defensor del Pueblo Vasco).</p>
<p>	Es difícil encontrar un testimonio tan directo, honesto y sincero.. Lamarca da un paso adelante en su trayectoria personal y vital, un paso adelante en la perspectiva de la normalización de la homosexualidad. Pero también un avance en la normalización de nuestra sociedad. Un paso adelante en el fortalecimiento de la dignidad humana.</p>
