{"id":6691,"date":"2024-05-02T12:37:35","date_gmt":"2024-05-02T10:37:35","guid":{"rendered":"https:\/\/www.alberdania.net\/product\/los-anos-robados\/"},"modified":"2026-04-21T03:27:09","modified_gmt":"2026-04-21T01:27:09","slug":"los-anos-robados","status":"publish","type":"product","link":"https:\/\/www.alberdania.net\/eu\/product\/los-anos-robados\/","title":{"rendered":"Los a\u00f1os robados"},"content":{"rendered":"<p><iframe loading=\"lazy\" title=\"LOS A\u00d1OS ROBADOS-GEMA BAQU\u00c9\" width=\"640\" height=\"360\" src=\"https:\/\/www.youtube.com\/embed\/QLhSnqbWBis?feature=oembed\" frameborder=\"0\" allow=\"accelerometer; autoplay; clipboard-write; encrypted-media; gyroscope; picture-in-picture; web-share\" referrerpolicy=\"strict-origin-when-cross-origin\" allowfullscreen><\/iframe><\/p>\n","protected":false},"excerpt":{"rendered":"<p>Mikel regresa a \u00c9ibar por una oportunidad laboral que le ofrece el ascenso a Primera del equipo de f\u00fatbol local, pero su verdadera motivaci\u00f3n es descubrir la causa de la desaparici\u00f3n de su padre cuando \u00e9l era apenas un adolescente.<br \/>\n\tLa investigaci\u00f3n que emprende junto a su t\u00eda Carmen conecta \u00c9ibar, Estella, Pamplona, Deba, San Sebasti\u00e1n y Madrid, y le conduce hasta una inc\u00f3moda verdad que afectar\u00e1 profundamente a los miembros de su familia.<\/p>\n","protected":false},"featured_media":6567,"template":"","meta":{"_acf_changed":false,"inline_featured_image":false},"product_brand":[],"product_cat":[245],"product_tag":[],"tax-colections":[203],"tax-langs":[198],"tax-encuadernacion":[],"tax-availability":[236],"class_list":{"0":"post-6691","1":"product","2":"type-product","3":"status-publish","4":"has-post-thumbnail","6":"product_cat-sin-categoria-eu","7":"pa_tipo-de-libro-paperezkoa","8":"pa_tipo-de-libro-ebook-eu","9":"tax-colections-helduentzako-literatura","10":"tax-langs-gaztelera","11":"tax-availability-eskuragarri","13":"first","14":"instock","15":"shipping-taxable","16":"purchasable","17":"product-type-variable"},"acf":{"id_gesedi":896,"book_subtitle":"","book_author":418,"book_translator":"","book_illustrator":"","book_publish_date_book":"2024-05-08","book_publish_date_ebook":"20240508","book_publish_date_audiobook":null,"book_collection_number":71,"book_pages":0,"book_file":6574,"book_img":"","books_related":""},"_links":{"self":[{"href":"https:\/\/www.alberdania.net\/eu\/wp-json\/wp\/v2\/product\/6691","targetHints":{"allow":["GET"]}}],"collection":[{"href":"https:\/\/www.alberdania.net\/eu\/wp-json\/wp\/v2\/product"}],"about":[{"href":"https:\/\/www.alberdania.net\/eu\/wp-json\/wp\/v2\/types\/product"}],"wp:featuredmedia":[{"embeddable":true,"href":"https:\/\/www.alberdania.net\/eu\/wp-json\/wp\/v2\/media\/6567"}],"wp:attachment":[{"href":"https:\/\/www.alberdania.net\/eu\/wp-json\/wp\/v2\/media?parent=6691"}],"wp:term":[{"taxonomy":"product_brand","embeddable":true,"href":"https:\/\/www.alberdania.net\/eu\/wp-json\/wp\/v2\/product_brand?post=6691"},{"taxonomy":"product_cat","embeddable":true,"href":"https:\/\/www.alberdania.net\/eu\/wp-json\/wp\/v2\/product_cat?post=6691"},{"taxonomy":"product_tag","embeddable":true,"href":"https:\/\/www.alberdania.net\/eu\/wp-json\/wp\/v2\/product_tag?post=6691"},{"taxonomy":"tax-colections","embeddable":true,"href":"https:\/\/www.alberdania.net\/eu\/wp-json\/wp\/v2\/tax-colections?post=6691"},{"taxonomy":"tax-langs","embeddable":true,"href":"https:\/\/www.alberdania.net\/eu\/wp-json\/wp\/v2\/tax-langs?post=6691"},{"taxonomy":"tax-encuadernacion","embeddable":true,"href":"https:\/\/www.alberdania.net\/eu\/wp-json\/wp\/v2\/tax-encuadernacion?post=6691"},{"taxonomy":"tax-availability","embeddable":true,"href":"https:\/\/www.alberdania.net\/eu\/wp-json\/wp\/v2\/tax-availability?post=6691"}],"curies":[{"name":"wp","href":"https:\/\/api.w.org\/{rel}","templated":true}]}}

Los años robados

<p><iframe loading="lazy" title="LOS AÑOS ROBADOS-GEMA BAQUÉ" width="640" height="360" src="https://www.youtube.com/embed/QLhSnqbWBis?feature=oembed" frameborder="0" allow="accelerometer; autoplay; clipboard-write; encrypted-media; gyroscope; picture-in-picture; web-share" referrerpolicy="strict-origin-when-cross-origin" allowfullscreen></iframe></p>

<p>Mikel regresa a Éibar por una oportunidad laboral que le ofrece el ascenso a Primera del equipo de fútbol local, pero su verdadera motivación es descubrir la causa de la desaparición de su padre cuando él era apenas un adolescente.<br />
	La investigación que emprende junto a su tía Carmen conecta Éibar, Estella, Pamplona, Deba, San Sebastián y Madrid, y le conduce hasta una incómoda verdad que afectará profundamente a los miembros de su familia.</p>
