{"id":7030,"date":"2024-05-14T13:29:02","date_gmt":"2024-05-14T11:29:02","guid":{"rendered":"https:\/\/www.alberdania.net\/product\/la-repartidora-de-pan\/"},"modified":"2026-04-21T03:27:29","modified_gmt":"2026-04-21T01:27:29","slug":"la-repartidora-de-pan","status":"publish","type":"product","link":"https:\/\/www.alberdania.net\/eu\/product\/la-repartidora-de-pan\/","title":{"rendered":"La repartidora de pan"},"content":{"rendered":"<p><iframe loading=\"lazy\" title=\"LA REPARTIDORA DE PAN (BOOKTRAILER)\" width=\"640\" height=\"360\" src=\"https:\/\/www.youtube.com\/embed\/t1aG6wwij4s?feature=oembed\" frameborder=\"0\" allow=\"accelerometer; autoplay; clipboard-write; encrypted-media; gyroscope; picture-in-picture; web-share\" referrerpolicy=\"strict-origin-when-cross-origin\" allowfullscreen><\/iframe><\/p>\n<p>&nbsp;<\/p>\n<p><iframe loading=\"lazy\" title=\"BIDILAND proiektuko liburuen aurkezpena \/ Presentaci\u00f3n de los libros del proyecto BIDILAND\" width=\"640\" height=\"360\" src=\"https:\/\/www.youtube.com\/embed\/0k2HOVDqSY0?feature=oembed\" frameborder=\"0\" allow=\"accelerometer; autoplay; clipboard-write; encrypted-media; gyroscope; picture-in-picture; web-share\" referrerpolicy=\"strict-origin-when-cross-origin\" allowfullscreen><\/iframe><\/p>\n<p>&nbsp;<\/p>\n","protected":false},"excerpt":{"rendered":"<p>&#8220;El pan es pan para el cuerpo, las voces son pan para el alma&#8221;.<br \/>\n\tLa repartidora de pan es una historia sobre el viaje y la b\u00fasqueda que debemos hacer para encontrarnos a nosotros mismos y a los dem\u00e1s. El magistral texto de Peter Svetina cuenta la historia de la mayor\u00eda de edad de Jan y Mar\u00eda, con extraordinarias ilustraciones del ilustrador vasco Jokin Mitxelena.<\/p>\n","protected":false},"featured_media":6590,"template":"","meta":{"_acf_changed":false,"inline_featured_image":false},"product_brand":[],"product_cat":[245],"product_tag":[],"tax-colections":[204,246],"tax-langs":[198],"tax-encuadernacion":[],"tax-availability":[236],"class_list":{"0":"post-7030","1":"product","2":"type-product","3":"status-publish","4":"has-post-thumbnail","6":"product_cat-sin-categoria-eu","7":"pa_tipo-de-libro-paperezkoa","8":"pa_tipo-de-libro-ebook-eu","9":"tax-colections-haur-eta-gazte-literatura","10":"tax-colections-koloretako-albumak-eu","11":"tax-langs-gaztelera","12":"tax-availability-eskuragarri","14":"first","15":"instock","16":"shipping-taxable","17":"purchasable","18":"product-type-variable"},"acf":{"id_gesedi":899,"book_subtitle":"","book_author":419,"book_translator":"","book_illustrator":"","book_publish_date_book":"2024-03-15","book_publish_date_ebook":"20240508","book_publish_date_audiobook":null,"book_collection_number":0,"book_pages":40,"book_file":6592,"book_img":"","books_related":""},"_links":{"self":[{"href":"https:\/\/www.alberdania.net\/eu\/wp-json\/wp\/v2\/product\/7030","targetHints":{"allow":["GET"]}}],"collection":[{"href":"https:\/\/www.alberdania.net\/eu\/wp-json\/wp\/v2\/product"}],"about":[{"href":"https:\/\/www.alberdania.net\/eu\/wp-json\/wp\/v2\/types\/product"}],"wp:featuredmedia":[{"embeddable":true,"href":"https:\/\/www.alberdania.net\/eu\/wp-json\/wp\/v2\/media\/6590"}],"wp:attachment":[{"href":"https:\/\/www.alberdania.net\/eu\/wp-json\/wp\/v2\/media?parent=7030"}],"wp:term":[{"taxonomy":"product_brand","embeddable":true,"href":"https:\/\/www.alberdania.net\/eu\/wp-json\/wp\/v2\/product_brand?post=7030"},{"taxonomy":"product_cat","embeddable":true,"href":"https:\/\/www.alberdania.net\/eu\/wp-json\/wp\/v2\/product_cat?post=7030"},{"taxonomy":"product_tag","embeddable":true,"href":"https:\/\/www.alberdania.net\/eu\/wp-json\/wp\/v2\/product_tag?post=7030"},{"taxonomy":"tax-colections","embeddable":true,"href":"https:\/\/www.alberdania.net\/eu\/wp-json\/wp\/v2\/tax-colections?post=7030"},{"taxonomy":"tax-langs","embeddable":true,"href":"https:\/\/www.alberdania.net\/eu\/wp-json\/wp\/v2\/tax-langs?post=7030"},{"taxonomy":"tax-encuadernacion","embeddable":true,"href":"https:\/\/www.alberdania.net\/eu\/wp-json\/wp\/v2\/tax-encuadernacion?post=7030"},{"taxonomy":"tax-availability","embeddable":true,"href":"https:\/\/www.alberdania.net\/eu\/wp-json\/wp\/v2\/tax-availability?post=7030"}],"curies":[{"name":"wp","href":"https:\/\/api.w.org\/{rel}","templated":true}]}}

<p><iframe loading="lazy" title="LA REPARTIDORA DE PAN (BOOKTRAILER)" width="640" height="360" src="https://www.youtube.com/embed/t1aG6wwij4s?feature=oembed" frameborder="0" allow="accelerometer; autoplay; clipboard-write; encrypted-media; gyroscope; picture-in-picture; web-share" referrerpolicy="strict-origin-when-cross-origin" allowfullscreen></iframe></p>
<p>&nbsp;</p>
<p><iframe loading="lazy" title="BIDILAND proiektuko liburuen aurkezpena / Presentación de los libros del proyecto BIDILAND" width="640" height="360" src="https://www.youtube.com/embed/0k2HOVDqSY0?feature=oembed" frameborder="0" allow="accelerometer; autoplay; clipboard-write; encrypted-media; gyroscope; picture-in-picture; web-share" referrerpolicy="strict-origin-when-cross-origin" allowfullscreen></iframe></p>
<p>&nbsp;</p>

<p>&#8220;El pan es pan para el cuerpo, las voces son pan para el alma&#8221;.<br />
	La repartidora de pan es una historia sobre el viaje y la búsqueda que debemos hacer para encontrarnos a nosotros mismos y a los demás. El magistral texto de Peter Svetina cuenta la historia de la mayoría de edad de Jan y María, con extraordinarias ilustraciones del ilustrador vasco Jokin Mitxelena.</p>
